{"id":24859,"date":"2022-12-06T16:39:41","date_gmt":"2022-12-06T13:39:41","guid":{"rendered":"https:\/\/hisaronuziraat.com\/site\/?post_type=product&#038;p=24859"},"modified":"2025-11-03T21:13:25","modified_gmt":"2025-11-03T18:13:25","slug":"karpuz-crimson-sweet-25gr","status":"publish","type":"product","link":"https:\/\/hisaronuziraat.com\/index.php\/urun\/karpuz-crimson-sweet-25gr\/","title":{"rendered":"Karpuz Crimson Sweet 25gr"},"content":{"rendered":"<ul>\n<li>T\u00fcm b\u00f6lgelerimizin iklim ve toprak yap\u0131s\u0131na uygun bir \u00e7e\u015fittir<\/li>\n<li>Sert kabuklu, nakliyeye dayan\u0131kl\u0131d\u0131r<\/li>\n<\/ul>\n<ul>\n<li>Ekimden hasada kadar 75-80 g\u00fcnde olgunla\u015f\u0131r<\/li>\n<\/ul>\n<ul>\n<li>Meyveler yuvarlak ve oval\u2019dir<\/li>\n<\/ul>\n<ul>\n<li>Kabuk rengi a\u00e7\u0131k ye\u015fil \u00fczerine koyu ye\u015fil \u00e7izgilidir<\/li>\n<\/ul>\n<ul>\n<li>Dekara verimi 7-8 ton civar\u0131ndad\u0131r<\/li>\n<\/ul>\n","protected":false},"excerpt":{"rendered":"<p>T\u00fcm b\u00f6lgelerimizin iklim ve toprak yap\u0131s\u0131na uygun bir \u00e7e\u015fittir Sert kabuklu, nakliyeye dayan\u0131kl\u0131d\u0131r Ekimden hasada kadar 75-80 g\u00fcnde olgunla\u015f\u0131r Meyveler yuvarlak ve oval\u2019dir Kabuk rengi a\u00e7\u0131k ye\u015fil \u00fczerine koyu ye\u015fil \u00e7izgilidir Dekara verimi 7-8 ton civar\u0131ndad\u0131r<\/p>\n","protected":false},"featured_media":24857,"comment_status":"open","ping_status":"closed","template":"","meta":[],"product_cat":[90],"product_tag":[],"class_list":{"0":"post-24859","1":"product","2":"type-product","3":"status-publish","4":"has-post-thumbnail","6":"product_cat-sebze","7":"product_brand-kucuk-ciftlik","9":"first","10":"instock","11":"shipping-taxable","12":"purchasable","13":"product-type-simple"},"_links":{"self":[{"href":"https:\/\/hisaronuziraat.com\/index.php\/wp-json\/wp\/v2\/product\/24859","targetHints":{"allow":["GET"]}}],"collection":[{"href":"https:\/\/hisaronuziraat.com\/index.php\/wp-json\/wp\/v2\/product"}],"about":[{"href":"https:\/\/hisaronuziraat.com\/index.php\/wp-json\/wp\/v2\/types\/product"}],"replies":[{"embeddable":true,"href":"https:\/\/hisaronuziraat.com\/index.php\/wp-json\/wp\/v2\/comments?post=24859"}],"wp:featuredmedia":[{"embeddable":true,"href":"https:\/\/hisaronuziraat.com\/index.php\/wp-json\/wp\/v2\/media\/24857"}],"wp:attachment":[{"href":"https:\/\/hisaronuziraat.com\/index.php\/wp-json\/wp\/v2\/media?parent=24859"}],"wp:term":[{"taxonomy":"product_cat","embeddable":true,"href":"https:\/\/hisaronuziraat.com\/index.php\/wp-json\/wp\/v2\/product_cat?post=24859"},{"taxonomy":"product_tag","embeddable":true,"href":"https:\/\/hisaronuziraat.com\/index.php\/wp-json\/wp\/v2\/product_tag?post=24859"}],"curies":[{"name":"wp","href":"https:\/\/api.w.org\/{rel}","templated":true}]}}