{"id":24606,"date":"2022-12-04T22:07:19","date_gmt":"2022-12-04T19:07:19","guid":{"rendered":"https:\/\/hisaronuziraat.com\/site\/?post_type=product&#038;p=24606"},"modified":"2025-06-14T14:42:14","modified_gmt":"2025-06-14T11:42:14","slug":"cim-tohumu-trifolium-repens-1-kg","status":"publish","type":"product","link":"https:\/\/hisaronuziraat.com\/index.php\/urun\/cim-tohumu-trifolium-repens-1-kg\/","title":{"rendered":"\u00c7im Tohumu (Trifolium Repens) 1 kg"},"content":{"rendered":"<p>Ak \u00dc\u00e7g\u00fcl<\/p>\n<p>Trifolium\u00a0repens s\u00fcs yoncas\u0131 tohumu \u00fc\u00e7g\u00fcl ad\u0131yla da bilinen bu t\u00fcr<strong>,\u00a0<\/strong>her t\u00fcrl\u00fc toprakta y\u00fcksek adaptasyon ve h\u0131zl\u0131 yay\u0131lma \u00f6zelli\u011fine sahiptir.<\/p>\n<p>Yaz k\u0131\u015f ye\u015fil kalan s\u00fcs yoncas\u0131 h\u0131zl\u0131 alan kapat\u0131r,<strong>\u00a0s\u0131cakl\u0131\u011fa ve susuzlu\u011fa y\u00fcksek dayan\u0131m\u0131<\/strong>\u00a0vard\u0131r.<\/p>\n","protected":false},"excerpt":{"rendered":"<p>Ak \u00dc\u00e7g\u00fcl Trifolium\u00a0repens s\u00fcs yoncas\u0131 tohumu \u00fc\u00e7g\u00fcl ad\u0131yla da bilinen bu t\u00fcr,\u00a0her t\u00fcrl\u00fc toprakta y\u00fcksek adaptasyon ve h\u0131zl\u0131 yay\u0131lma \u00f6zelli\u011fine sahiptir. Yaz k\u0131\u015f ye\u015fil kalan s\u00fcs yoncas\u0131 h\u0131zl\u0131 alan kapat\u0131r,\u00a0s\u0131cakl\u0131\u011fa ve susuzlu\u011fa y\u00fcksek dayan\u0131m\u0131\u00a0vard\u0131r.<\/p>\n","protected":false},"featured_media":24525,"comment_status":"open","ping_status":"closed","template":"","meta":[],"product_cat":[107],"product_tag":[],"class_list":{"0":"post-24606","1":"product","2":"type-product","3":"status-publish","4":"has-post-thumbnail","6":"product_cat-cim","8":"first","9":"instock","10":"shipping-taxable","11":"purchasable","12":"product-type-simple"},"_links":{"self":[{"href":"https:\/\/hisaronuziraat.com\/index.php\/wp-json\/wp\/v2\/product\/24606","targetHints":{"allow":["GET"]}}],"collection":[{"href":"https:\/\/hisaronuziraat.com\/index.php\/wp-json\/wp\/v2\/product"}],"about":[{"href":"https:\/\/hisaronuziraat.com\/index.php\/wp-json\/wp\/v2\/types\/product"}],"replies":[{"embeddable":true,"href":"https:\/\/hisaronuziraat.com\/index.php\/wp-json\/wp\/v2\/comments?post=24606"}],"wp:featuredmedia":[{"embeddable":true,"href":"https:\/\/hisaronuziraat.com\/index.php\/wp-json\/wp\/v2\/media\/24525"}],"wp:attachment":[{"href":"https:\/\/hisaronuziraat.com\/index.php\/wp-json\/wp\/v2\/media?parent=24606"}],"wp:term":[{"taxonomy":"product_cat","embeddable":true,"href":"https:\/\/hisaronuziraat.com\/index.php\/wp-json\/wp\/v2\/product_cat?post=24606"},{"taxonomy":"product_tag","embeddable":true,"href":"https:\/\/hisaronuziraat.com\/index.php\/wp-json\/wp\/v2\/product_tag?post=24606"}],"curies":[{"name":"wp","href":"https:\/\/api.w.org\/{rel}","templated":true}]}}