{"id":24603,"date":"2022-12-04T22:07:19","date_gmt":"2022-12-04T19:07:19","guid":{"rendered":"https:\/\/hisaronuziraat.com\/site\/?post_type=product&amp;p=24603"},"modified":"2022-12-04T22:07:19","modified_gmt":"2022-12-04T19:07:19","slug":"cim-tohumu-bermuda-grass-1-kg","status":"publish","type":"product","link":"https:\/\/hisaronuziraat.com\/index.php\/urun\/cim-tohumu-bermuda-grass-1-kg\/","title":{"rendered":"\u00c7im Tohumu (Bermuda Grass) 1 kg"},"content":{"rendered":"<p>H\u0131zl\u0131 geli\u015fen \u00e7ok y\u0131ll\u0131k bir s\u0131cak iklim bitkisidir. \u00dclkemizde k\u00f6pek di\u015fi ayr\u0131\u011f\u0131 olarak adland\u0131r\u0131lan Bermuda grass \u00e7imi Akdeniz iklim ku\u015fa\u011f\u0131nda yayg\u0131n olarak kullan\u0131l\u0131r.<br \/>\nBermuda grass s\u0131ca\u011f\u0131 ve tam g\u00fcne\u015fi sever. G\u00f6lgeden ho\u015flanmaz.<br \/>\nNormal sulama rejiminin yar\u0131s\u0131 kadar sulama ile de yeterli g\u00fczellikte \u00e7im dokusu olu\u015fabilir.<br \/>\nBermuda grass ortalama y\u0131ll\u0131k s\u0131cakl\u0131\u011f\u0131 20 derece civar\u0131nda olan hemen her yerde ve her t\u00fcrl\u00fc toprak cinsinde yeti\u015febilir.<br \/>\nS\u0131cakl\u0131k derecesinin bu ortalamadan 5-7 derece d\u00fc\u015fmesi halinde \u00e7imin toprak \u00fcst\u00fc organlar\u0131 sarar\u0131r.<\/p>\n","protected":false},"excerpt":{"rendered":"<p>H\u0131zl\u0131 geli\u015fen \u00e7ok y\u0131ll\u0131k bir s\u0131cak iklim bitkisidir. \u00dclkemizde k\u00f6pek di\u015fi ayr\u0131\u011f\u0131 olarak adland\u0131r\u0131lan Bermuda grass \u00e7imi Akdeniz iklim ku\u015fa\u011f\u0131nda yayg\u0131n olarak kullan\u0131l\u0131r. Bermuda grass s\u0131ca\u011f\u0131 ve tam g\u00fcne\u015fi sever. G\u00f6lgeden ho\u015flanmaz. Normal sulama rejiminin yar\u0131s\u0131 kadar sulama ile de yeterli g\u00fczellikte \u00e7im dokusu olu\u015fabilir. Bermuda grass ortalama y\u0131ll\u0131k s\u0131cakl\u0131\u011f\u0131 20 derece civar\u0131nda olan hemen [&hellip;]<\/p>\n","protected":false},"featured_media":24524,"comment_status":"open","ping_status":"closed","template":"","meta":[],"product_cat":[107],"product_tag":[],"class_list":{"0":"post-24603","1":"product","2":"type-product","3":"status-publish","4":"has-post-thumbnail","6":"product_cat-cim","8":"first","9":"instock","10":"shipping-taxable","11":"purchasable","12":"product-type-simple"},"_links":{"self":[{"href":"https:\/\/hisaronuziraat.com\/index.php\/wp-json\/wp\/v2\/product\/24603","targetHints":{"allow":["GET"]}}],"collection":[{"href":"https:\/\/hisaronuziraat.com\/index.php\/wp-json\/wp\/v2\/product"}],"about":[{"href":"https:\/\/hisaronuziraat.com\/index.php\/wp-json\/wp\/v2\/types\/product"}],"replies":[{"embeddable":true,"href":"https:\/\/hisaronuziraat.com\/index.php\/wp-json\/wp\/v2\/comments?post=24603"}],"wp:featuredmedia":[{"embeddable":true,"href":"https:\/\/hisaronuziraat.com\/index.php\/wp-json\/wp\/v2\/media\/24524"}],"wp:attachment":[{"href":"https:\/\/hisaronuziraat.com\/index.php\/wp-json\/wp\/v2\/media?parent=24603"}],"wp:term":[{"taxonomy":"product_cat","embeddable":true,"href":"https:\/\/hisaronuziraat.com\/index.php\/wp-json\/wp\/v2\/product_cat?post=24603"},{"taxonomy":"product_tag","embeddable":true,"href":"https:\/\/hisaronuziraat.com\/index.php\/wp-json\/wp\/v2\/product_tag?post=24603"}],"curies":[{"name":"wp","href":"https:\/\/api.w.org\/{rel}","templated":true}]}}