{"id":24577,"date":"2022-12-04T22:06:56","date_gmt":"2022-12-04T19:06:56","guid":{"rendered":"https:\/\/hisaronuziraat.com\/site\/?post_type=product&#038;p=24577"},"modified":"2025-06-14T15:09:31","modified_gmt":"2025-06-14T12:09:31","slug":"roka-bengi-10-gr","status":"publish","type":"product","link":"https:\/\/hisaronuziraat.com\/index.php\/urun\/roka-bengi-10-gr\/","title":{"rendered":"Roka Bengi 10 gr"},"content":{"rendered":"<p>Taze yapraklar\u0131 salata \u015feklinde t\u00fcketilir. Yapraklar\u0131 loblu ve di\u015fli kenarl\u0131d\u0131r. Ayr\u0131ca y\u00fcksek miktarda C vitamini i\u00e7erir. Ege b\u00f6lgesinde \u00e7ok t\u00fcketilir.<\/p>\n","protected":false},"excerpt":{"rendered":"<p>Taze yapraklar\u0131 salata \u015feklinde t\u00fcketilir. Yapraklar\u0131 loblu ve di\u015fli kenarl\u0131d\u0131r. Ayr\u0131ca y\u00fcksek miktarda C vitamini i\u00e7erir. Ege b\u00f6lgesinde \u00e7ok t\u00fcketilir.<\/p>\n","protected":false},"featured_media":24610,"comment_status":"open","ping_status":"closed","template":"","meta":[],"product_cat":[90],"product_tag":[],"class_list":{"0":"post-24577","1":"product","2":"type-product","3":"status-publish","4":"has-post-thumbnail","6":"product_cat-sebze","7":"product_brand-kucuk-ciftlik","9":"first","10":"instock","11":"shipping-taxable","12":"purchasable","13":"product-type-simple"},"_links":{"self":[{"href":"https:\/\/hisaronuziraat.com\/index.php\/wp-json\/wp\/v2\/product\/24577","targetHints":{"allow":["GET"]}}],"collection":[{"href":"https:\/\/hisaronuziraat.com\/index.php\/wp-json\/wp\/v2\/product"}],"about":[{"href":"https:\/\/hisaronuziraat.com\/index.php\/wp-json\/wp\/v2\/types\/product"}],"replies":[{"embeddable":true,"href":"https:\/\/hisaronuziraat.com\/index.php\/wp-json\/wp\/v2\/comments?post=24577"}],"wp:featuredmedia":[{"embeddable":true,"href":"https:\/\/hisaronuziraat.com\/index.php\/wp-json\/wp\/v2\/media\/24610"}],"wp:attachment":[{"href":"https:\/\/hisaronuziraat.com\/index.php\/wp-json\/wp\/v2\/media?parent=24577"}],"wp:term":[{"taxonomy":"product_cat","embeddable":true,"href":"https:\/\/hisaronuziraat.com\/index.php\/wp-json\/wp\/v2\/product_cat?post=24577"},{"taxonomy":"product_tag","embeddable":true,"href":"https:\/\/hisaronuziraat.com\/index.php\/wp-json\/wp\/v2\/product_tag?post=24577"}],"curies":[{"name":"wp","href":"https:\/\/api.w.org\/{rel}","templated":true}]}}