{"id":24544,"date":"2022-12-04T22:06:33","date_gmt":"2022-12-04T19:06:33","guid":{"rendered":"https:\/\/hisaronuziraat.com\/site\/?post_type=product&#038;p=24544"},"modified":"2025-11-03T22:09:57","modified_gmt":"2025-11-03T19:09:57","slug":"sogan-beyaz-bilek","status":"publish","type":"product","link":"https:\/\/hisaronuziraat.com\/index.php\/urun\/sogan-beyaz-bilek\/","title":{"rendered":"So\u011fan Beyaz Bilek 500gr"},"content":{"rendered":"<p>Teneke 500gr<\/p>\n<ul>\n<li>Taze olarak t\u00fcketilebilen ve ba\u015f yapmayan bir so\u011fan \u00e7e\u015fididir<\/li>\n<\/ul>\n<ul>\n<li>K\u0131\u015f ve ilkbahar ekimine uygun olup so\u011fuklara kar\u015f\u0131 diren\u00e7lidir<\/li>\n<\/ul>\n<ul>\n<li>Demet yap\u0131larak sat\u0131ma uygundur<\/li>\n<\/ul>\n","protected":false},"excerpt":{"rendered":"<p>Teneke 500gr Taze olarak t\u00fcketilebilen ve ba\u015f yapmayan bir so\u011fan \u00e7e\u015fididir K\u0131\u015f ve ilkbahar ekimine uygun olup so\u011fuklara kar\u015f\u0131 diren\u00e7lidir Demet yap\u0131larak sat\u0131ma uygundur<\/p>\n","protected":false},"featured_media":25323,"comment_status":"open","ping_status":"closed","template":"","meta":[],"product_cat":[90],"product_tag":[],"class_list":{"0":"post-24544","1":"product","2":"type-product","3":"status-publish","4":"has-post-thumbnail","6":"product_cat-sebze","7":"product_brand-kucuk-ciftlik","9":"first","10":"instock","11":"shipping-taxable","12":"purchasable","13":"product-type-simple"},"_links":{"self":[{"href":"https:\/\/hisaronuziraat.com\/index.php\/wp-json\/wp\/v2\/product\/24544","targetHints":{"allow":["GET"]}}],"collection":[{"href":"https:\/\/hisaronuziraat.com\/index.php\/wp-json\/wp\/v2\/product"}],"about":[{"href":"https:\/\/hisaronuziraat.com\/index.php\/wp-json\/wp\/v2\/types\/product"}],"replies":[{"embeddable":true,"href":"https:\/\/hisaronuziraat.com\/index.php\/wp-json\/wp\/v2\/comments?post=24544"}],"wp:featuredmedia":[{"embeddable":true,"href":"https:\/\/hisaronuziraat.com\/index.php\/wp-json\/wp\/v2\/media\/25323"}],"wp:attachment":[{"href":"https:\/\/hisaronuziraat.com\/index.php\/wp-json\/wp\/v2\/media?parent=24544"}],"wp:term":[{"taxonomy":"product_cat","embeddable":true,"href":"https:\/\/hisaronuziraat.com\/index.php\/wp-json\/wp\/v2\/product_cat?post=24544"},{"taxonomy":"product_tag","embeddable":true,"href":"https:\/\/hisaronuziraat.com\/index.php\/wp-json\/wp\/v2\/product_tag?post=24544"}],"curies":[{"name":"wp","href":"https:\/\/api.w.org\/{rel}","templated":true}]}}