{"id":24541,"date":"2022-12-04T22:06:33","date_gmt":"2022-12-04T19:06:33","guid":{"rendered":"https:\/\/hisaronuziraat.com\/site\/?post_type=product&amp;p=24541"},"modified":"2022-12-04T22:06:33","modified_gmt":"2022-12-04T19:06:33","slug":"karanfil","status":"publish","type":"product","link":"https:\/\/hisaronuziraat.com\/index.php\/urun\/karanfil\/","title":{"rendered":"Karanfil 100 adet"},"content":{"rendered":"<p><strong>Latince ismi:\u00a0<em>Dianthus caryophyllus<\/em><\/strong><\/p>\n<p>Karanfilgiller familyas\u0131ndan iki y\u0131ll\u0131k dayan\u0131kl\u0131 otsu bir bitkidir. Yaz boyunca renk renk a\u00e7an \u00e7i\u00e7ekleri ile s\u00fcs bitkisi olarak olduk\u00e7a yayg\u0131n yeti\u015ftirilir. \u00c7i\u00e7ekleri yal\u0131nkat ya da katmerli ve kokulu olabilir. G\u00fcne\u015fli veya s\u0131cak b\u00f6lgelerde yar\u0131 g\u00f6lge yerler uygundur. \u00c7ok su istemez hatta a\u015f\u0131r\u0131 suya da tolerans\u0131 yoktur. Ayr\u0131ca pencere \u00f6n\u00fc ve balkon saks\u0131lar\u0131nda da \u00e7ok g\u00fczel durur. Kesme \u00e7i\u00e7ek olarak da kullan\u0131l\u0131r.<\/p>\n<table border=\"1\" cellspacing=\"0\" cellpadding=\"0\">\n<tbody>\n<tr>\n<td>\n<div><strong>Ekim Derinli\u011fi<\/strong><\/div>\n<\/td>\n<td>\n<div>0,5-1 cm<\/div>\n<\/td>\n<\/tr>\n<tr>\n<td>\n<div><strong>Y\u00fckseklik<\/strong><\/div>\n<\/td>\n<td>\n<div>20-30 cm<\/div>\n<\/td>\n<\/tr>\n<tr>\n<td>\n<div><strong>Renk<\/strong><\/div>\n<\/td>\n<td>\n<div>Kar\u0131\u015f\u0131k<\/div>\n<\/td>\n<\/tr>\n<tr>\n<td>\n<div><strong>Ekim zaman\u0131<\/strong><\/div>\n<\/td>\n<td>\n<div>Erken ilkbahar, sonbahar<\/div>\n<\/td>\n<\/tr>\n<tr>\n<td>\n<div><strong>Tipi<\/strong><\/div>\n<\/td>\n<td>\n<div>\u0130ki y\u0131ll\u0131k<\/div>\n<\/td>\n<\/tr>\n<tr>\n<td>\n<div><strong>Tahmini \u00c7imlenme G\u00fcn\u00fc<\/strong><\/div>\n<\/td>\n<td>\n<div>15-20 g\u00fcn<\/div>\n<\/td>\n<\/tr>\n<\/tbody>\n<\/table>\n","protected":false},"excerpt":{"rendered":"<p>Latince ismi:\u00a0Dianthus caryophyllus Karanfilgiller familyas\u0131ndan iki y\u0131ll\u0131k dayan\u0131kl\u0131 otsu bir bitkidir. Yaz boyunca renk renk a\u00e7an \u00e7i\u00e7ekleri ile s\u00fcs bitkisi olarak olduk\u00e7a yayg\u0131n yeti\u015ftirilir. \u00c7i\u00e7ekleri yal\u0131nkat ya da katmerli ve kokulu olabilir. G\u00fcne\u015fli veya s\u0131cak b\u00f6lgelerde yar\u0131 g\u00f6lge yerler uygundur. \u00c7ok su istemez hatta a\u015f\u0131r\u0131 suya da tolerans\u0131 yoktur. Ayr\u0131ca pencere \u00f6n\u00fc ve balkon saks\u0131lar\u0131nda [&hellip;]<\/p>\n","protected":false},"featured_media":24585,"comment_status":"open","ping_status":"closed","template":"","meta":[],"product_cat":[85],"product_tag":[],"class_list":{"0":"post-24541","1":"product","2":"type-product","3":"status-publish","4":"has-post-thumbnail","6":"product_cat-cicek","7":"product_brand-arzuman","9":"first","10":"instock","11":"shipping-taxable","12":"purchasable","13":"product-type-simple"},"_links":{"self":[{"href":"https:\/\/hisaronuziraat.com\/index.php\/wp-json\/wp\/v2\/product\/24541","targetHints":{"allow":["GET"]}}],"collection":[{"href":"https:\/\/hisaronuziraat.com\/index.php\/wp-json\/wp\/v2\/product"}],"about":[{"href":"https:\/\/hisaronuziraat.com\/index.php\/wp-json\/wp\/v2\/types\/product"}],"replies":[{"embeddable":true,"href":"https:\/\/hisaronuziraat.com\/index.php\/wp-json\/wp\/v2\/comments?post=24541"}],"wp:featuredmedia":[{"embeddable":true,"href":"https:\/\/hisaronuziraat.com\/index.php\/wp-json\/wp\/v2\/media\/24585"}],"wp:attachment":[{"href":"https:\/\/hisaronuziraat.com\/index.php\/wp-json\/wp\/v2\/media?parent=24541"}],"wp:term":[{"taxonomy":"product_cat","embeddable":true,"href":"https:\/\/hisaronuziraat.com\/index.php\/wp-json\/wp\/v2\/product_cat?post=24541"},{"taxonomy":"product_tag","embeddable":true,"href":"https:\/\/hisaronuziraat.com\/index.php\/wp-json\/wp\/v2\/product_tag?post=24541"}],"curies":[{"name":"wp","href":"https:\/\/api.w.org\/{rel}","templated":true}]}}