{"id":24488,"date":"2022-12-04T22:06:08","date_gmt":"2022-12-04T19:06:08","guid":{"rendered":"https:\/\/hisaronuziraat.com\/site\/?post_type=product&#038;p=24488"},"modified":"2025-11-03T22:40:39","modified_gmt":"2025-11-03T19:40:39","slug":"biber-domates-5-gr","status":"publish","type":"product","link":"https:\/\/hisaronuziraat.com\/index.php\/urun\/biber-domates-5-gr\/","title":{"rendered":"Domates  Biberi 5gr"},"content":{"rendered":"<p>Ac\u0131<br \/>\n\u00d6nceden S\u00fcr\u00fclm\u00fc\u015f Ya Da Bellenmi\u015f Olan Toprak; T\u0131rm\u0131k Ya Da Benzer Bir Aletle Ekim \u0130\u00e7in Uygun Hale Getirilir, Ekim Yap\u0131lacak Alan Tavsiye Edilen Miktarlarda G\u00fcbrelenir, Keseksiz D\u00fczg\u00fcn Bir Toprak Y\u00fczeyi Olu\u015fturulur.<\/p>\n<p>Biber Il\u0131k Ve S\u0131cak \u0130klim Sebzesidir. Tohumdan Fide Yap\u0131larak \u00dcretim Tavsiye Edilir. Tavl\u0131 Topra\u011fa 0,5-1 Cm Derinli\u011fe Ekilen Tohumlar, Sera Etkisi Ak \u0130\u00e7in Topra\u011f\u0131n \u00dczeri Naylon Vb. \u00d6rt\u00fclmeli. Ekilen Tohumlar 7-8 Hafta Sonra Fide Olarak Yerlerine \u015ea\u015f\u0131rt\u0131l\u0131r. Ortalama 20-30\u1d52c S\u0131cakl\u0131k Bitki Geli\u015fimi \u0130\u00e7in Uygundur. 80-100 G\u00fcn Sonra Hasat Yap\u0131labilir.<\/p>\n<p>Nemli Topra\u011fa Ekim Yapmak Tohumun H\u0131zla \u00c7imlenmesini Sa\u011flar. \u00d6zellikle Y\u00fczlek Ekilen K\u00fc\u00e7\u00fck Taneli Tohumlar\u0131 Yerlerinden Oynatacak Tazyikli Sulama Yap\u0131lmamal\u0131 Ve Toprak Y\u00fczeyinde G\u00f6llenme Olu\u015fturulmamal\u0131d\u0131r. S\u0131cak Havalarda Sulama S\u0131kl\u0131\u011f\u0131 Art\u0131r\u0131lmal\u0131 Ve Topra\u011f\u0131n Nemli Kalmas\u0131na \u00d6zen G\u00f6sterilmelidir. Yabanc\u0131 Ot Ve Zararl\u0131larla M\u00fccadeleye Dikkat Edilmelidir.<\/p>\n","protected":false},"excerpt":{"rendered":"<p>Ac\u0131 \u00d6nceden S\u00fcr\u00fclm\u00fc\u015f Ya Da Bellenmi\u015f Olan Toprak; T\u0131rm\u0131k Ya Da Benzer Bir Aletle Ekim \u0130\u00e7in Uygun Hale Getirilir, Ekim Yap\u0131lacak Alan Tavsiye Edilen Miktarlarda G\u00fcbrelenir, Keseksiz D\u00fczg\u00fcn Bir Toprak Y\u00fczeyi Olu\u015fturulur. Biber Il\u0131k Ve S\u0131cak \u0130klim Sebzesidir. Tohumdan Fide Yap\u0131larak \u00dcretim Tavsiye Edilir. Tavl\u0131 Topra\u011fa 0,5-1 Cm Derinli\u011fe Ekilen Tohumlar, Sera Etkisi Ak \u0130\u00e7in [&hellip;]<\/p>\n","protected":false},"featured_media":24515,"comment_status":"open","ping_status":"closed","template":"","meta":[],"product_cat":[90],"product_tag":[],"class_list":{"0":"post-24488","1":"product","2":"type-product","3":"status-publish","4":"has-post-thumbnail","6":"product_cat-sebze","7":"product_brand-arzuman","9":"first","10":"instock","11":"shipping-taxable","12":"purchasable","13":"product-type-simple"},"_links":{"self":[{"href":"https:\/\/hisaronuziraat.com\/index.php\/wp-json\/wp\/v2\/product\/24488","targetHints":{"allow":["GET"]}}],"collection":[{"href":"https:\/\/hisaronuziraat.com\/index.php\/wp-json\/wp\/v2\/product"}],"about":[{"href":"https:\/\/hisaronuziraat.com\/index.php\/wp-json\/wp\/v2\/types\/product"}],"replies":[{"embeddable":true,"href":"https:\/\/hisaronuziraat.com\/index.php\/wp-json\/wp\/v2\/comments?post=24488"}],"wp:featuredmedia":[{"embeddable":true,"href":"https:\/\/hisaronuziraat.com\/index.php\/wp-json\/wp\/v2\/media\/24515"}],"wp:attachment":[{"href":"https:\/\/hisaronuziraat.com\/index.php\/wp-json\/wp\/v2\/media?parent=24488"}],"wp:term":[{"taxonomy":"product_cat","embeddable":true,"href":"https:\/\/hisaronuziraat.com\/index.php\/wp-json\/wp\/v2\/product_cat?post=24488"},{"taxonomy":"product_tag","embeddable":true,"href":"https:\/\/hisaronuziraat.com\/index.php\/wp-json\/wp\/v2\/product_tag?post=24488"}],"curies":[{"name":"wp","href":"https:\/\/api.w.org\/{rel}","templated":true}]}}