{"id":24472,"date":"2022-12-04T22:05:52","date_gmt":"2022-12-04T19:05:52","guid":{"rendered":"https:\/\/hisaronuziraat.com\/site\/?post_type=product&#038;p=24472"},"modified":"2025-11-03T22:46:44","modified_gmt":"2025-11-03T19:46:44","slug":"domates-sc2121-10gr","status":"publish","type":"product","link":"https:\/\/hisaronuziraat.com\/index.php\/urun\/domates-sc2121-10gr\/","title":{"rendered":"Domates (SC2121) 10gr"},"content":{"rendered":"<p>S\u0131r\u0131k istemeyen yer tipi bir Domates \u00e7e\u015fididir. Erkenci bir \u00e7e\u015fit oldu\u011fu i\u00e7in ilkbahar \u00fcretimi i\u00e7in ideal bir standart \u00e7e\u015fittir. \u00d6zellikle Ege ve Marmara b\u00f6lgesinde turfanda yeti\u015ftiricilik i\u00e7in uygundur. Meyve a\u011f\u0131rl\u0131\u011f\u0131 ortalama 140-180 gr&#8217;d\u0131r. Meyveleri iri, dilimsiz ve ince kabukludur. Fide dikiminden 70 g\u00fcn sonra hasada gelir, iyi bak\u0131m \u015fartlar\u0131nda 6-8 ton verim al\u0131nabilir.<\/p>\n","protected":false},"excerpt":{"rendered":"<p>S\u0131r\u0131k istemeyen yer tipi bir Domates \u00e7e\u015fididir. Erkenci bir \u00e7e\u015fit oldu\u011fu i\u00e7in ilkbahar \u00fcretimi i\u00e7in ideal bir standart \u00e7e\u015fittir. \u00d6zellikle Ege ve Marmara b\u00f6lgesinde turfanda yeti\u015ftiricilik i\u00e7in uygundur. Meyve a\u011f\u0131rl\u0131\u011f\u0131 ortalama 140-180 gr&#8217;d\u0131r. Meyveleri iri, dilimsiz ve ince kabukludur. Fide dikiminden 70 g\u00fcn sonra hasada gelir, iyi bak\u0131m \u015fartlar\u0131nda 6-8 ton verim al\u0131nabilir.<\/p>\n","protected":false},"featured_media":24756,"comment_status":"open","ping_status":"closed","template":"","meta":[],"product_cat":[90],"product_tag":[],"class_list":{"0":"post-24472","1":"product","2":"type-product","3":"status-publish","4":"has-post-thumbnail","6":"product_cat-sebze","7":"product_brand-kucuk-ciftlik","9":"first","10":"instock","11":"shipping-taxable","12":"purchasable","13":"product-type-simple"},"_links":{"self":[{"href":"https:\/\/hisaronuziraat.com\/index.php\/wp-json\/wp\/v2\/product\/24472","targetHints":{"allow":["GET"]}}],"collection":[{"href":"https:\/\/hisaronuziraat.com\/index.php\/wp-json\/wp\/v2\/product"}],"about":[{"href":"https:\/\/hisaronuziraat.com\/index.php\/wp-json\/wp\/v2\/types\/product"}],"replies":[{"embeddable":true,"href":"https:\/\/hisaronuziraat.com\/index.php\/wp-json\/wp\/v2\/comments?post=24472"}],"wp:featuredmedia":[{"embeddable":true,"href":"https:\/\/hisaronuziraat.com\/index.php\/wp-json\/wp\/v2\/media\/24756"}],"wp:attachment":[{"href":"https:\/\/hisaronuziraat.com\/index.php\/wp-json\/wp\/v2\/media?parent=24472"}],"wp:term":[{"taxonomy":"product_cat","embeddable":true,"href":"https:\/\/hisaronuziraat.com\/index.php\/wp-json\/wp\/v2\/product_cat?post=24472"},{"taxonomy":"product_tag","embeddable":true,"href":"https:\/\/hisaronuziraat.com\/index.php\/wp-json\/wp\/v2\/product_tag?post=24472"}],"curies":[{"name":"wp","href":"https:\/\/api.w.org\/{rel}","templated":true}]}}