{"id":24451,"date":"2022-12-04T22:05:47","date_gmt":"2022-12-04T19:05:47","guid":{"rendered":"https:\/\/hisaronuziraat.com\/site\/?post_type=product&amp;p=24451"},"modified":"2022-12-04T22:05:47","modified_gmt":"2022-12-04T19:05:47","slug":"k-othrine","status":"publish","type":"product","link":"https:\/\/hisaronuziraat.com\/index.php\/urun\/k-othrine\/","title":{"rendered":"K-Othrine 500ml"},"content":{"rendered":"<p>Kapal\u0131 Alanda Y\u00fcr\u00fcyen ve U\u00e7an Zararl\u0131lara Kar\u015f\u0131 Uzun S\u00fcre Etkili!<\/p>\n<p><strong>\u00dcr\u00fcn \u00d6zellikleri<\/strong><\/p>\n<p>H\u0131zl\u0131 d\u00fc\u015f\u00fcr\u00fcc\u00fc \u00f6zellik g\u00f6sterir.<\/p>\n<p>Flush out \u00f6zelli\u011fi ile zararl\u0131lar\u0131 sakland\u0131klar\u0131 yerden d\u0131\u015far\u0131 \u00e7\u0131kart\u0131r, uzun s\u00fcreli kal\u0131c\u0131l\u0131k sa\u011flar.<\/p>\n<p>Su bazl\u0131d\u0131r, y\u00fczeylere zarar veren solvent ve yaglar\u0131 i\u00e7ermez.<\/p>\n<p>\u00c7evre dostudur.<\/p>\n<p>D\u00fc\u015f\u00fck uygulama dozu ile ekonomik kullan\u0131m maliyeti sa\u011flar.<\/p>\n<p>WHOPES onayl\u0131d\u0131r ve \u201cWHO Spesifikasyonu 333\/CC (Nisan 2005)\u201d no\u2019lu WHO spesifikasyonuna sahiptir.<\/p>\n<p><strong>Zararl\u0131 T\u00fcr\u00fc<\/strong><\/p>\n<p>Karasinek-ergin, Sivrisinek-ergin, Hamamb\u00f6ce\u011fi, Pire, Tahtakurusu, Kene m\u00fccadelesinde kullan\u0131l\u0131r.<\/p>\n","protected":false},"excerpt":{"rendered":"<p>Kapal\u0131 Alanda Y\u00fcr\u00fcyen ve U\u00e7an Zararl\u0131lara Kar\u015f\u0131 Uzun S\u00fcre Etkili! \u00dcr\u00fcn \u00d6zellikleri H\u0131zl\u0131 d\u00fc\u015f\u00fcr\u00fcc\u00fc \u00f6zellik g\u00f6sterir. Flush out \u00f6zelli\u011fi ile zararl\u0131lar\u0131 sakland\u0131klar\u0131 yerden d\u0131\u015far\u0131 \u00e7\u0131kart\u0131r, uzun s\u00fcreli kal\u0131c\u0131l\u0131k sa\u011flar. Su bazl\u0131d\u0131r, y\u00fczeylere zarar veren solvent ve yaglar\u0131 i\u00e7ermez. \u00c7evre dostudur. D\u00fc\u015f\u00fck uygulama dozu ile ekonomik kullan\u0131m maliyeti sa\u011flar. WHOPES onayl\u0131d\u0131r ve \u201cWHO Spesifikasyonu 333\/CC (Nisan [&hellip;]<\/p>\n","protected":false},"featured_media":24871,"comment_status":"open","ping_status":"closed","template":"","meta":[],"product_cat":[96],"product_tag":[],"class_list":{"0":"post-24451","1":"product","2":"type-product","3":"status-publish","4":"has-post-thumbnail","6":"product_cat-halk-sagligi","7":"product_brand-bayer","9":"first","10":"instock","11":"shipping-taxable","12":"purchasable","13":"product-type-simple"},"_links":{"self":[{"href":"https:\/\/hisaronuziraat.com\/index.php\/wp-json\/wp\/v2\/product\/24451","targetHints":{"allow":["GET"]}}],"collection":[{"href":"https:\/\/hisaronuziraat.com\/index.php\/wp-json\/wp\/v2\/product"}],"about":[{"href":"https:\/\/hisaronuziraat.com\/index.php\/wp-json\/wp\/v2\/types\/product"}],"replies":[{"embeddable":true,"href":"https:\/\/hisaronuziraat.com\/index.php\/wp-json\/wp\/v2\/comments?post=24451"}],"wp:featuredmedia":[{"embeddable":true,"href":"https:\/\/hisaronuziraat.com\/index.php\/wp-json\/wp\/v2\/media\/24871"}],"wp:attachment":[{"href":"https:\/\/hisaronuziraat.com\/index.php\/wp-json\/wp\/v2\/media?parent=24451"}],"wp:term":[{"taxonomy":"product_cat","embeddable":true,"href":"https:\/\/hisaronuziraat.com\/index.php\/wp-json\/wp\/v2\/product_cat?post=24451"},{"taxonomy":"product_tag","embeddable":true,"href":"https:\/\/hisaronuziraat.com\/index.php\/wp-json\/wp\/v2\/product_tag?post=24451"}],"curies":[{"name":"wp","href":"https:\/\/api.w.org\/{rel}","templated":true}]}}