{"id":24440,"date":"2022-12-04T22:05:41","date_gmt":"2022-12-04T19:05:41","guid":{"rendered":"https:\/\/hisaronuziraat.com\/site\/?post_type=product&#038;p=24440"},"modified":"2025-11-03T22:59:49","modified_gmt":"2025-11-03T19:59:49","slug":"karinca-tebesiri","status":"publish","type":"product","link":"https:\/\/hisaronuziraat.com\/index.php\/urun\/karinca-tebesiri\/","title":{"rendered":"Kar\u0131nca Tebe\u015firi 24gr"},"content":{"rendered":"<table border=\"0\" width=\"99%\" cellspacing=\"1\" cellpadding=\"5\">\n<tbody>\n<tr>\n<td bgcolor=\"#f3f4f1\">\n<h2>Bion Kar\u0131nca Tebe\u015firi 24 Gr \u0130\u00e7indekiler:<\/h2>\n<\/td>\n<\/tr>\n<tr>\n<td bgcolor=\"#ffffff\">Kar\u0131nca Tebe\u015firi \u00fcr\u00fcn\u00fc i\u00e7erisinde; Aktif maddeler : Deltamethrin(CAS No: 52918-63-5)(%0.49), Yard\u0131mc\u0131 Maddeler: Aktif i\u00e7i inert miktar\u0131 (%0.01), Dolgu malzemesi ve boya (%99.50) bulunmaktad\u0131r.<\/td>\n<\/tr>\n<tr>\n<td bgcolor=\"#f3f4f1\">\n<h2>Bion Kar\u0131nca Tebe\u015firi 24 Gr Kullan\u0131m\u0131:<\/h2>\n<\/td>\n<\/tr>\n<tr>\n<td bgcolor=\"#ffffff\">Kar\u0131nca Tebe\u015firi kullan\u0131l\u0131\u015f\u0131; Plastik muhafazas\u0131 i\u00e7inde yer alan tebe\u015fire el de\u011fdirmeden plastik muhafazan\u0131n kapa\u011f\u0131n\u0131 a\u00e7arak uygulama b\u00f6lgesine tatbik ediniz. Zararl\u0131lar\u0131n gezindi\u011fi yerlere ve yuvalar\u0131n bulundu\u011fu b\u00f6lgelere paralel 2-3 hat \u015feklinde \u00e7izgi \u00e7iziniz. En iyi sonucu elde edebilmek i\u00e7in geceleri kal\u0131n bir hat \u015feklinde \u00e7izgi \u00e7izerek kullan\u0131n\u0131z. Etkisi 2-3 saat i\u00e7inde a\u00e7\u0131k\u00e7a g\u00f6r\u00fcl\u00fcr. Kullan\u0131mdan sonra tebe\u015fir i\u00e7ine tekrar \u00e7ekilmelidir. Kullan\u0131mdan sonra ellerinizi dikkatlice y\u0131kay\u0131n\u0131z. Uygulama dozu olarak kar\u0131nca ge\u00e7i\u015fini engelleyece\u011fi\u00a0 \u015fekilde bir adet \u00e7izgi \u00e7ekilir. Uygulama alan\u0131nda s\u00fcp\u00fcrge yap\u0131ld\u0131\u011f\u0131 taktirde etkisini kaybeder.<\/td>\n<\/tr>\n<tr>\n<td bgcolor=\"#f3f4f1\">\n<h2>Bion Kar\u0131nca Tebe\u015firi 24 Gr Yan Etkileri:<\/h2>\n<\/td>\n<\/tr>\n<tr>\n<td bgcolor=\"#ffffff\">Kar\u0131nca Tebe\u015firi \u00dcr\u00fcn\u00fcn\u00fcn zehirlenme belirtileri: Sinirsel bozukluk, terleme, sars\u0131lma, alg\u0131 ve kavramada d\u00fczensizlik..<em>\u00a0<strong>\u00a0ZEH\u0130RLENME DURUMNDA ULUSAL ZEH\u0130R DANI\u015eMA MERKEZ\u0130 (UZEM)&#8217;N\u0130N 114 NOLU TELEFONUNU ARAYINIZ. PAKET \u00dcZER\u0130NDE BULUNA D\u0130\u011eER \u00d6NLEMLER\u0130 D\u0130KKATLE OKUYUNUZ.\u00a0<\/strong><\/em><\/td>\n<\/tr>\n<tr>\n<td bgcolor=\"#f3f4f1\">\n<h2>Bion Kar\u0131nca Tebe\u015firi 24 Gr Muhafaza ve Uyar\u0131:<\/h2>\n<\/td>\n<\/tr>\n<tr>\n<td bgcolor=\"#ffffff\">\n<ul>\n<li><em><b>Kullanmadan \u00f6nce etiketi ve prospekt\u00fcs\u00fcn\u00fc\u00a0mutlaka okuyunuz<\/b><\/em>\u00a0. \u00c7ocuklardan uzak tutunuz. G\u0131da maddelerinden, hayvan yemlerinden ve bunlar\u0131n kaplar\u0131ndan uzak tutunuz. Uygulama ve haz\u0131rl\u0131k a\u015famas\u0131nda hi\u00e7bir \u015fey yemeyiniz, i\u00e7meyiniz, sigara kullanmay\u0131n\u0131z. \u0130nsan ve \u00e7evre sa\u011fl\u0131\u011f\u0131 \u00fczerine riskleri \u00f6nlemek i\u00e7in kullanma talimat\u0131na uyunuz.<\/li>\n<li>\u00dcr\u00fcn\u00fc plastik muhafazas\u0131ndan \u00e7\u0131karmay\u0131n\u0131z. Plastik kap i\u00e7erisindeki yemlere temas etmeyiniz.<\/li>\n<li>G\u00f6zle, ciltle, solunum yollar\u0131yla, giysilerinizle temastan ka\u00e7\u0131n\u0131n. \u00dcr\u00fcn\u00fc orjinal ambalaj\u0131nda, kaplar\u0131n a\u011fz\u0131 s\u0131k\u0131ca kapal\u0131 olarak, kuru, serin ve iyi havaland\u0131r\u0131lm\u0131\u015f yerlerde saklay\u0131n\u0131z. Kulland\u0131ktan sonra 1 saat boyunca evcil hayvanlar\u0131 ortamdan uzakla\u015ft\u0131r\u0131n\u0131z.<\/li>\n<li>Depolama: G\u0131da maddelerinden, hayvan yemlerinden ve bunlar\u0131n kaplar\u0131ndan uzak tutunuz.<\/li>\n<li>Ar\u0131lar i\u00e7in zehirlidir.<\/li>\n<li>Bu maddeyi ve kab\u0131n\u0131 tehlikeli veya \u00f6zel at\u0131k toplama yerlerine bertaraf edin\/ettirin.<\/li>\n<\/ul>\n<\/td>\n<\/tr>\n<\/tbody>\n<\/table>\n","protected":false},"excerpt":{"rendered":"<p>Bion Kar\u0131nca Tebe\u015firi 24 Gr \u0130\u00e7indekiler: Kar\u0131nca Tebe\u015firi \u00fcr\u00fcn\u00fc i\u00e7erisinde; Aktif maddeler : Deltamethrin(CAS No: 52918-63-5)(%0.49), Yard\u0131mc\u0131 Maddeler: Aktif i\u00e7i inert miktar\u0131 (%0.01), Dolgu malzemesi ve boya (%99.50) bulunmaktad\u0131r. Bion Kar\u0131nca Tebe\u015firi 24 Gr Kullan\u0131m\u0131: Kar\u0131nca Tebe\u015firi kullan\u0131l\u0131\u015f\u0131; Plastik muhafazas\u0131 i\u00e7inde yer alan tebe\u015fire el de\u011fdirmeden plastik muhafazan\u0131n kapa\u011f\u0131n\u0131 a\u00e7arak uygulama b\u00f6lgesine tatbik ediniz. Zararl\u0131lar\u0131n [&hellip;]<\/p>\n","protected":false},"featured_media":24910,"comment_status":"open","ping_status":"closed","template":"","meta":[],"product_cat":[96],"product_tag":[],"class_list":{"0":"post-24440","1":"product","2":"type-product","3":"status-publish","4":"has-post-thumbnail","6":"product_cat-halk-sagligi","7":"product_brand-bion","9":"first","10":"outofstock","11":"taxable","12":"shipping-taxable","13":"purchasable","14":"product-type-simple"},"_links":{"self":[{"href":"https:\/\/hisaronuziraat.com\/index.php\/wp-json\/wp\/v2\/product\/24440","targetHints":{"allow":["GET"]}}],"collection":[{"href":"https:\/\/hisaronuziraat.com\/index.php\/wp-json\/wp\/v2\/product"}],"about":[{"href":"https:\/\/hisaronuziraat.com\/index.php\/wp-json\/wp\/v2\/types\/product"}],"replies":[{"embeddable":true,"href":"https:\/\/hisaronuziraat.com\/index.php\/wp-json\/wp\/v2\/comments?post=24440"}],"wp:featuredmedia":[{"embeddable":true,"href":"https:\/\/hisaronuziraat.com\/index.php\/wp-json\/wp\/v2\/media\/24910"}],"wp:attachment":[{"href":"https:\/\/hisaronuziraat.com\/index.php\/wp-json\/wp\/v2\/media?parent=24440"}],"wp:term":[{"taxonomy":"product_cat","embeddable":true,"href":"https:\/\/hisaronuziraat.com\/index.php\/wp-json\/wp\/v2\/product_cat?post=24440"},{"taxonomy":"product_tag","embeddable":true,"href":"https:\/\/hisaronuziraat.com\/index.php\/wp-json\/wp\/v2\/product_tag?post=24440"}],"curies":[{"name":"wp","href":"https:\/\/api.w.org\/{rel}","templated":true}]}}