{"id":24436,"date":"2022-12-04T22:05:40","date_gmt":"2022-12-04T19:05:40","guid":{"rendered":"https:\/\/hisaronuziraat.com\/site\/?post_type=product&amp;p=24436"},"modified":"2022-12-04T22:05:40","modified_gmt":"2022-12-04T19:05:40","slug":"kornison","status":"publish","type":"product","link":"https:\/\/hisaronuziraat.com\/index.php\/urun\/kornison\/","title":{"rendered":"Korni\u015fon 10gr"},"content":{"rendered":"<ul>\n<li>Erkenci bir \u00e7e\u015fit olup tohum ekiminden itibaren 50-55 g\u00fcnde hasada gelir<\/li>\n<\/ul>\n<ul>\n<li>Meyveler \u00e7ok sert ve gevrektir<\/li>\n<\/ul>\n<ul>\n<li>Hasattan sonra uzun s\u00fcre gevrekli\u011fini muhafaza eder<\/li>\n<\/ul>\n<ul>\n<li>\u0130\u00e7 bo\u015falmas\u0131 ve kofuk yapmaz<\/li>\n<\/ul>\n<ul>\n<li>Hasat s\u00fcresi uzun ve verimli bir \u00e7e\u015fittir<\/li>\n<\/ul>\n","protected":false},"excerpt":{"rendered":"<p>Erkenci bir \u00e7e\u015fit olup tohum ekiminden itibaren 50-55 g\u00fcnde hasada gelir Meyveler \u00e7ok sert ve gevrektir Hasattan sonra uzun s\u00fcre gevrekli\u011fini muhafaza eder \u0130\u00e7 bo\u015falmas\u0131 ve kofuk yapmaz Hasat s\u00fcresi uzun ve verimli bir \u00e7e\u015fittir<\/p>\n","protected":false},"featured_media":24956,"comment_status":"open","ping_status":"closed","template":"","meta":[],"product_cat":[90],"product_tag":[],"class_list":{"0":"post-24436","1":"product","2":"type-product","3":"status-publish","4":"has-post-thumbnail","6":"product_cat-sebze","7":"product_brand-kucuk-ciftlik","9":"first","10":"instock","11":"shipping-taxable","12":"purchasable","13":"product-type-simple"},"_links":{"self":[{"href":"https:\/\/hisaronuziraat.com\/index.php\/wp-json\/wp\/v2\/product\/24436","targetHints":{"allow":["GET"]}}],"collection":[{"href":"https:\/\/hisaronuziraat.com\/index.php\/wp-json\/wp\/v2\/product"}],"about":[{"href":"https:\/\/hisaronuziraat.com\/index.php\/wp-json\/wp\/v2\/types\/product"}],"replies":[{"embeddable":true,"href":"https:\/\/hisaronuziraat.com\/index.php\/wp-json\/wp\/v2\/comments?post=24436"}],"wp:featuredmedia":[{"embeddable":true,"href":"https:\/\/hisaronuziraat.com\/index.php\/wp-json\/wp\/v2\/media\/24956"}],"wp:attachment":[{"href":"https:\/\/hisaronuziraat.com\/index.php\/wp-json\/wp\/v2\/media?parent=24436"}],"wp:term":[{"taxonomy":"product_cat","embeddable":true,"href":"https:\/\/hisaronuziraat.com\/index.php\/wp-json\/wp\/v2\/product_cat?post=24436"},{"taxonomy":"product_tag","embeddable":true,"href":"https:\/\/hisaronuziraat.com\/index.php\/wp-json\/wp\/v2\/product_tag?post=24436"}],"curies":[{"name":"wp","href":"https:\/\/api.w.org\/{rel}","templated":true}]}}