{"id":24422,"date":"2022-12-04T22:05:39","date_gmt":"2022-12-04T19:05:39","guid":{"rendered":"https:\/\/hisaronuziraat.com\/site\/?post_type=product&#038;p=24422"},"modified":"2025-11-03T23:00:31","modified_gmt":"2025-11-03T20:00:31","slug":"marul-yazlik-kivircik","status":"publish","type":"product","link":"https:\/\/hisaronuziraat.com\/index.php\/urun\/marul-yazlik-kivircik\/","title":{"rendered":"Marul Yazl\u0131k K\u0131v\u0131rc\u0131k 10gr"},"content":{"rendered":"<ul>\n<li>K\u0131v\u0131rc\u0131k, dalgal\u0131 yaprakl\u0131 bir marul \u00e7e\u015fididir<\/li>\n<\/ul>\n<ul>\n<li>Ye\u015fil renkli ve gevrek bir bitki yap\u0131s\u0131na sahiptir<\/li>\n<\/ul>\n<ul>\n<li>\u00c7ok lezzetli olmas\u0131ndan dolay\u0131 \u00e7ok tercih edilir<\/li>\n<\/ul>\n<ul>\n<li>Ba\u015f a\u011f\u0131rl\u0131\u011f\u0131 yakla\u015f\u0131k 400-600 gr\u2019d\u0131r<\/li>\n<\/ul>\n<ul>\n<li>Hasada gelme s\u00fcresi 60-65 g\u00fcnd\u00fcr<\/li>\n<\/ul>\n","protected":false},"excerpt":{"rendered":"<p>K\u0131v\u0131rc\u0131k, dalgal\u0131 yaprakl\u0131 bir marul \u00e7e\u015fididir Ye\u015fil renkli ve gevrek bir bitki yap\u0131s\u0131na sahiptir \u00c7ok lezzetli olmas\u0131ndan dolay\u0131 \u00e7ok tercih edilir Ba\u015f a\u011f\u0131rl\u0131\u011f\u0131 yakla\u015f\u0131k 400-600 gr\u2019d\u0131r Hasada gelme s\u00fcresi 60-65 g\u00fcnd\u00fcr<\/p>\n","protected":false},"featured_media":24983,"comment_status":"open","ping_status":"closed","template":"","meta":[],"product_cat":[90],"product_tag":[],"class_list":{"0":"post-24422","1":"product","2":"type-product","3":"status-publish","4":"has-post-thumbnail","6":"product_cat-sebze","7":"product_brand-kucuk-ciftlik","9":"first","10":"instock","11":"taxable","12":"shipping-taxable","13":"purchasable","14":"product-type-simple"},"_links":{"self":[{"href":"https:\/\/hisaronuziraat.com\/index.php\/wp-json\/wp\/v2\/product\/24422","targetHints":{"allow":["GET"]}}],"collection":[{"href":"https:\/\/hisaronuziraat.com\/index.php\/wp-json\/wp\/v2\/product"}],"about":[{"href":"https:\/\/hisaronuziraat.com\/index.php\/wp-json\/wp\/v2\/types\/product"}],"replies":[{"embeddable":true,"href":"https:\/\/hisaronuziraat.com\/index.php\/wp-json\/wp\/v2\/comments?post=24422"}],"wp:featuredmedia":[{"embeddable":true,"href":"https:\/\/hisaronuziraat.com\/index.php\/wp-json\/wp\/v2\/media\/24983"}],"wp:attachment":[{"href":"https:\/\/hisaronuziraat.com\/index.php\/wp-json\/wp\/v2\/media?parent=24422"}],"wp:term":[{"taxonomy":"product_cat","embeddable":true,"href":"https:\/\/hisaronuziraat.com\/index.php\/wp-json\/wp\/v2\/product_cat?post=24422"},{"taxonomy":"product_tag","embeddable":true,"href":"https:\/\/hisaronuziraat.com\/index.php\/wp-json\/wp\/v2\/product_tag?post=24422"}],"curies":[{"name":"wp","href":"https:\/\/api.w.org\/{rel}","templated":true}]}}