{"id":24392,"date":"2022-12-04T22:05:32","date_gmt":"2022-12-04T19:05:32","guid":{"rendered":"https:\/\/hisaronuziraat.com\/site\/?post_type=product&amp;p=24392"},"modified":"2025-06-09T15:48:05","modified_gmt":"2025-06-09T12:48:05","slug":"agita","status":"publish","type":"product","link":"https:\/\/hisaronuziraat.com\/index.php\/urun\/agita\/","title":{"rendered":"Agita 100gr"},"content":{"rendered":"<p><strong>\u00d6ZELL\u0130KLER\u0130<\/strong><\/p>\n<p>Etken maddesi t\u00fcm d\u00fcnyada ergin karasinek m\u00fccadelesinde en ba\u015far\u0131l\u0131 \u00fcr\u00fcnd\u00fcr. Gran\u00fcl formu daha spesifik kullan\u0131m metotlar\u0131na olanak sa\u011flamaktad\u0131r.<\/p>\n<p>Suda eriyen gran\u00fcl formu di\u011fer \u00fcr\u00fcnlere nispetle daha spesifik kullan\u0131m metotlar\u0131 sa\u011flamakta ve b\u00f6ylece ki\u015fiye ve mekana \u00f6zel \u00e7\u00f6z\u00fcmler \u00fcretebilmek imkan\u0131 sunmaktad\u0131r. Form\u00fcl\u00fcne ilave edilen \u015feker ve hormonlar sebebiyle \u00fcr\u00fcn do\u011frudan kullan\u0131ma haz\u0131r olmakta ve kullan\u0131c\u0131y\u0131 zahmetli kar\u0131\u015f\u0131m haz\u0131rlama derdinden kurtarmaktad\u0131r. Bu durum amat\u00f6r kullan\u0131c\u0131lar i\u00e7in b\u00fcy\u00fck kolayl\u0131kt\u0131r.<\/p>\n<p><strong>ETK\u0130S\u0130<\/strong><\/p>\n<p>Yap\u0131lan deneylerde kapal\u0131 alanlarda\u00a0<strong>1 saat<\/strong>\u00a0i\u00e7erisinde karasinek pop\u00fclasyonunun tamam\u0131n\u0131 yok etti\u011fi belirlenmi\u015ftir.<\/p>\n<p>\u0130klim ko\u015fullar\u0131 ve uygulama bi\u00e7imine ba\u011fl\u0131 olarak\u00a0<strong>4-8 hafta<\/strong>\u00a0kal\u0131c\u0131 ve koruyucu etkisini s\u00fcrd\u00fcrebilmektedir.<\/p>\n<p>&nbsp;<\/p>\n<p><strong>AG\u0130TA 10 WG<\/strong>\u00a0Suda kolay erittikten sonra\u00a0<strong>2<\/strong>\u00a0farkl\u0131 \u015fekilde kullanabilirsiniz.<\/p>\n<p><strong>1. BOYAMA Y\u00d6NTEM\u0130<\/strong><\/p>\n<p>Ev, i\u015fyeri, ah\u0131r, a\u011f\u0131l\u0131n\u0131z\u0131n duvarlar\u0131na boya y\u00f6ntemiyle kullanabilirsiniz.<\/p>\n<p><strong>NASIL UYGULANIR ?<\/strong><\/p>\n<p>100 gr Agita 80ml boya k\u0131vam\u0131na gelinceye kadar kar\u0131\u015ft\u0131r\u0131n. Elde etti\u011finiz kar\u0131\u015f\u0131m\u0131 40 m\u00b2 lik alana uygulay\u0131n. Uygulamay\u0131 10\u00d730 cm boyutlar\u0131nda \u015feritler halinde birka\u00e7 noktaya uygulay\u0131n\u0131z. \u0130la\u00e7laman\u0131n uygun olmad\u0131\u011f\u0131 bol \u00e7atlakl\u0131 ve \u00e7ok p\u00fcr\u00fczl\u00fc y\u00fczeylerde ise kar\u0131\u015f\u0131m\u0131 tavana asaca\u011f\u0131n\u0131z karton yada polietilen par\u00e7alara s\u00fcrebilirsiniz.<\/p>\n<p><strong>2. SPREY Y\u00d6NTEM\u0130<\/strong><\/p>\n<p>Agita 10 wg suyla kar\u0131\u015ft\u0131r\u0131p s\u0131v\u0131 hale getirdikten sonra bir pompa i\u00e7erisine koyup spreyleme \u015feklinde kullanabilirsiniz.<\/p>\n<p><strong>NASIL UYGULANIR ?<\/strong><\/p>\n<p>100 gr Agita 800 ml \u0131l\u0131k suda kar\u0131\u015ft\u0131r\u0131n. Elde etti\u011fimiz kar\u0131\u015f\u0131m\u0131 40 m\u00b2lik alana uygulay\u0131n. Bu sistemle yapaca\u011f\u0131n\u0131z uygulaman\u0131n etkisi\u00a0<strong>40 g\u00fcn<\/strong>\u00a0devam edecektir.<\/p>\n","protected":false},"excerpt":{"rendered":"<p>\u00d6ZELL\u0130KLER\u0130 Etken maddesi t\u00fcm d\u00fcnyada ergin karasinek m\u00fccadelesinde en ba\u015far\u0131l\u0131 \u00fcr\u00fcnd\u00fcr. Gran\u00fcl formu daha spesifik kullan\u0131m metotlar\u0131na olanak sa\u011flamaktad\u0131r. Suda eriyen gran\u00fcl formu di\u011fer \u00fcr\u00fcnlere nispetle daha spesifik kullan\u0131m metotlar\u0131 sa\u011flamakta ve b\u00f6ylece ki\u015fiye ve mekana \u00f6zel \u00e7\u00f6z\u00fcmler \u00fcretebilmek imkan\u0131 sunmaktad\u0131r. Form\u00fcl\u00fcne ilave edilen \u015feker ve hormonlar sebebiyle \u00fcr\u00fcn do\u011frudan kullan\u0131ma haz\u0131r olmakta ve kullan\u0131c\u0131y\u0131 [&hellip;]<\/p>\n","protected":false},"featured_media":25083,"comment_status":"open","ping_status":"closed","template":"","meta":[],"product_cat":[96],"product_tag":[],"class_list":{"0":"post-24392","1":"product","2":"type-product","3":"status-publish","4":"has-post-thumbnail","6":"product_cat-halk-sagligi","7":"product_brand-elanco","9":"first","10":"instock","11":"shipping-taxable","12":"purchasable","13":"product-type-simple"},"_links":{"self":[{"href":"https:\/\/hisaronuziraat.com\/index.php\/wp-json\/wp\/v2\/product\/24392","targetHints":{"allow":["GET"]}}],"collection":[{"href":"https:\/\/hisaronuziraat.com\/index.php\/wp-json\/wp\/v2\/product"}],"about":[{"href":"https:\/\/hisaronuziraat.com\/index.php\/wp-json\/wp\/v2\/types\/product"}],"replies":[{"embeddable":true,"href":"https:\/\/hisaronuziraat.com\/index.php\/wp-json\/wp\/v2\/comments?post=24392"}],"wp:featuredmedia":[{"embeddable":true,"href":"https:\/\/hisaronuziraat.com\/index.php\/wp-json\/wp\/v2\/media\/25083"}],"wp:attachment":[{"href":"https:\/\/hisaronuziraat.com\/index.php\/wp-json\/wp\/v2\/media?parent=24392"}],"wp:term":[{"taxonomy":"product_cat","embeddable":true,"href":"https:\/\/hisaronuziraat.com\/index.php\/wp-json\/wp\/v2\/product_cat?post=24392"},{"taxonomy":"product_tag","embeddable":true,"href":"https:\/\/hisaronuziraat.com\/index.php\/wp-json\/wp\/v2\/product_tag?post=24392"}],"curies":[{"name":"wp","href":"https:\/\/api.w.org\/{rel}","templated":true}]}}