{"id":24377,"date":"2022-12-04T22:05:26","date_gmt":"2022-12-04T19:05:26","guid":{"rendered":"https:\/\/hisaronuziraat.com\/site\/?post_type=product&#038;p=24377"},"modified":"2025-11-03T23:17:16","modified_gmt":"2025-11-03T20:17:16","slug":"petunya","status":"publish","type":"product","link":"https:\/\/hisaronuziraat.com\/index.php\/urun\/petunya\/","title":{"rendered":"Petunya 100 adet"},"content":{"rendered":"<p>Kar\u0131\u015f\u0131k Renk Tek Y\u0131ll\u0131k<\/p>\n<div class=\"urun-d-extra fontsize\">\n<p><strong>Latince ismi:\u00a0<\/strong><strong><em>Petunia<\/em><\/strong><\/p>\n<p>Halk aras\u0131nda boru \u00e7i\u00e7e\u011fi olarak da bilinen petunyalar bah\u00e7elerde olduk\u00e7a fazla tercih edilen tek y\u0131ll\u0131k bitkilerdir. Renk renk \u00e7i\u00e7ekleri yaz boyu a\u00e7ar. Yaz mevsiminin en uzun s\u00fcre \u00e7i\u00e7ekli kalan, kokulu bitkilerinden biridir. Petunya bitkisi ve sap\u0131 yumu\u015fak t\u00fcylerle kapl\u0131d\u0131r. Tohumlar do\u011frudan bah\u00e7eye ekilebilece\u011fi gibi daha erken \u00e7i\u00e7eklenme i\u00e7in 6-8 hafta \u00f6nceden i\u00e7eriye ekilebilir. Bah\u00e7eye \u015fa\u015f\u0131rtma i\u00e7in mutlaka son donlar\u0131n ge\u00e7mesi beklenmeli . Saks\u0131 yeti\u015ftiricili\u011fine daha uygundur.<\/p>\n<table border=\"1\" cellspacing=\"0\" cellpadding=\"0\">\n<tbody>\n<tr>\n<td>\n<div><strong>Ekim Derinli\u011fi<\/strong><\/div>\n<\/td>\n<td>\n<div>0,5-1cm<\/div>\n<\/td>\n<\/tr>\n<tr>\n<td>\n<div><strong>Y\u00fckseklik<\/strong><\/div>\n<\/td>\n<td>\n<div>20-30 cm<\/div>\n<\/td>\n<\/tr>\n<tr>\n<td>\n<div><strong>Renk<\/strong><\/div>\n<\/td>\n<td>\n<div>Kar\u0131\u015f\u0131k<\/div>\n<\/td>\n<\/tr>\n<tr>\n<td>\n<div><strong>Ekim zaman\u0131<\/strong><\/div>\n<\/td>\n<td>\n<div>\u0130lkbahar, yaz<\/div>\n<\/td>\n<\/tr>\n<tr>\n<td>\n<div><strong>Tipi<\/strong><\/div>\n<\/td>\n<td>\n<div>Tek y\u0131ll\u0131k<\/div>\n<\/td>\n<\/tr>\n<tr>\n<td>\n<div><strong>Tahmini \u00c7imlenme G\u00fcn\u00fc<\/strong><\/div>\n<\/td>\n<td>\n<div>15-20 g\u00fcn<\/div>\n<\/td>\n<\/tr>\n<\/tbody>\n<\/table>\n<\/div>\n","protected":false},"excerpt":{"rendered":"<p>Kar\u0131\u015f\u0131k Renk Tek Y\u0131ll\u0131k Latince ismi:\u00a0Petunia Halk aras\u0131nda boru \u00e7i\u00e7e\u011fi olarak da bilinen petunyalar bah\u00e7elerde olduk\u00e7a fazla tercih edilen tek y\u0131ll\u0131k bitkilerdir. Renk renk \u00e7i\u00e7ekleri yaz boyu a\u00e7ar. Yaz mevsiminin en uzun s\u00fcre \u00e7i\u00e7ekli kalan, kokulu bitkilerinden biridir. Petunya bitkisi ve sap\u0131 yumu\u015fak t\u00fcylerle kapl\u0131d\u0131r. Tohumlar do\u011frudan bah\u00e7eye ekilebilece\u011fi gibi daha erken \u00e7i\u00e7eklenme i\u00e7in 6-8 [&hellip;]<\/p>\n","protected":false},"featured_media":25175,"comment_status":"open","ping_status":"closed","template":"","meta":[],"product_cat":[85],"product_tag":[],"class_list":{"0":"post-24377","1":"product","2":"type-product","3":"status-publish","4":"has-post-thumbnail","6":"product_cat-cicek","7":"product_brand-arzuman","9":"first","10":"instock","11":"shipping-taxable","12":"purchasable","13":"product-type-simple"},"_links":{"self":[{"href":"https:\/\/hisaronuziraat.com\/index.php\/wp-json\/wp\/v2\/product\/24377","targetHints":{"allow":["GET"]}}],"collection":[{"href":"https:\/\/hisaronuziraat.com\/index.php\/wp-json\/wp\/v2\/product"}],"about":[{"href":"https:\/\/hisaronuziraat.com\/index.php\/wp-json\/wp\/v2\/types\/product"}],"replies":[{"embeddable":true,"href":"https:\/\/hisaronuziraat.com\/index.php\/wp-json\/wp\/v2\/comments?post=24377"}],"wp:featuredmedia":[{"embeddable":true,"href":"https:\/\/hisaronuziraat.com\/index.php\/wp-json\/wp\/v2\/media\/25175"}],"wp:attachment":[{"href":"https:\/\/hisaronuziraat.com\/index.php\/wp-json\/wp\/v2\/media?parent=24377"}],"wp:term":[{"taxonomy":"product_cat","embeddable":true,"href":"https:\/\/hisaronuziraat.com\/index.php\/wp-json\/wp\/v2\/product_cat?post=24377"},{"taxonomy":"product_tag","embeddable":true,"href":"https:\/\/hisaronuziraat.com\/index.php\/wp-json\/wp\/v2\/product_tag?post=24377"}],"curies":[{"name":"wp","href":"https:\/\/api.w.org\/{rel}","templated":true}]}}