{"id":24370,"date":"2022-12-04T22:05:26","date_gmt":"2022-12-04T19:05:26","guid":{"rendered":"https:\/\/hisaronuziraat.com\/site\/?post_type=product&#038;p=24370"},"modified":"2025-11-03T23:18:30","modified_gmt":"2025-11-03T20:18:30","slug":"portakal-nergisi","status":"publish","type":"product","link":"https:\/\/hisaronuziraat.com\/index.php\/urun\/portakal-nergisi\/","title":{"rendered":"Portakal Nergisi 30 adet"},"content":{"rendered":"<p>Sar\u0131 Turuncu Tek Y\u0131ll\u0131k<\/p>\n<p><strong>Latince ismi:\u00a0<\/strong><strong><em>Calendula officinalis<\/em><\/strong><\/p>\n<p>Bile\u015fikgiller familyas\u0131ndand\u0131r. Ayn\u0131sefa, Kandil \u00e7i\u00e7e\u011fi di\u011fer isimleridir. G\u00f6steri\u015fli \u00e7i\u00e7ekleri ile kelebekleri \u00e7eker. \u0130nce t\u00fcylerle kapl\u0131 ye\u015fil renkli, bitkinin taban\u0131nda k\u00fcrek, daha yukar\u0131 kesimlerinde m\u0131zrak bi\u00e7imli olur. Bitkinin sonbahar\u0131n sonlar\u0131na do\u011fru a\u00e7an sar\u0131 ya da turuncu renkli \u00e7i\u00e7ekleri vard\u0131r. Olgunla\u015fan \u00e7i\u00e7ekleri 5-6 mm. uzunlukta, bej renkli ve virg\u00fcl bi\u00e7imli tohumlar verir. G\u00fcne\u015fli, ayd\u0131nl\u0131k yerleri sever. Her t\u00fcr toprakta yeti\u015febilir. D\u00fczenli sulanma yap\u0131lmal\u0131. Solan \u00e7i\u00e7eklerin uzakla\u015ft\u0131r\u0131lmas\u0131 \u00e7i\u00e7eklenmeyi te\u015fvik eder. Bah\u00e7e yeti\u015ftiricili\u011fine uygundur.<\/p>\n<table border=\"1\" cellspacing=\"0\" cellpadding=\"0\">\n<tbody>\n<tr>\n<td>\n<div><strong>Ekim Derinli\u011fi<\/strong><\/div>\n<\/td>\n<td>\n<div>2-3 cm<\/div>\n<\/td>\n<\/tr>\n<tr>\n<td>\n<div><strong>Y\u00fckseklik<\/strong><\/div>\n<\/td>\n<td>\n<div>20-30 cm<\/div>\n<\/td>\n<\/tr>\n<tr>\n<td>\n<div><strong>Renk<\/strong><\/div>\n<\/td>\n<td>\n<div>Sar\u0131,turuncu tonlar\u0131<\/div>\n<\/td>\n<\/tr>\n<tr>\n<td>\n<div><strong>Ekim zaman\u0131<\/strong><\/div>\n<\/td>\n<td>\n<div>\u0130lkbahar, sonbahar<\/div>\n<\/td>\n<\/tr>\n<tr>\n<td>\n<div><strong>Tipi<\/strong><\/div>\n<\/td>\n<td>\n<div>Tek y\u0131ll\u0131k<\/div>\n<\/td>\n<\/tr>\n<tr>\n<td>\n<div><strong>Tahmini \u00c7imlenme G\u00fcn\u00fc<\/strong><\/div>\n<\/td>\n<td>\n<div>15-20 g\u00fcn<\/div>\n<\/td>\n<\/tr>\n<\/tbody>\n<\/table>\n","protected":false},"excerpt":{"rendered":"<p>Sar\u0131 Turuncu Tek Y\u0131ll\u0131k Latince ismi:\u00a0Calendula officinalis Bile\u015fikgiller familyas\u0131ndand\u0131r. Ayn\u0131sefa, Kandil \u00e7i\u00e7e\u011fi di\u011fer isimleridir. G\u00f6steri\u015fli \u00e7i\u00e7ekleri ile kelebekleri \u00e7eker. \u0130nce t\u00fcylerle kapl\u0131 ye\u015fil renkli, bitkinin taban\u0131nda k\u00fcrek, daha yukar\u0131 kesimlerinde m\u0131zrak bi\u00e7imli olur. Bitkinin sonbahar\u0131n sonlar\u0131na do\u011fru a\u00e7an sar\u0131 ya da turuncu renkli \u00e7i\u00e7ekleri vard\u0131r. Olgunla\u015fan \u00e7i\u00e7ekleri 5-6 mm. uzunlukta, bej renkli ve virg\u00fcl bi\u00e7imli [&hellip;]<\/p>\n","protected":false},"featured_media":25197,"comment_status":"open","ping_status":"closed","template":"","meta":[],"product_cat":[85],"product_tag":[],"class_list":{"0":"post-24370","1":"product","2":"type-product","3":"status-publish","4":"has-post-thumbnail","6":"product_cat-cicek","7":"product_brand-arzuman","9":"first","10":"instock","11":"shipping-taxable","12":"purchasable","13":"product-type-simple"},"_links":{"self":[{"href":"https:\/\/hisaronuziraat.com\/index.php\/wp-json\/wp\/v2\/product\/24370","targetHints":{"allow":["GET"]}}],"collection":[{"href":"https:\/\/hisaronuziraat.com\/index.php\/wp-json\/wp\/v2\/product"}],"about":[{"href":"https:\/\/hisaronuziraat.com\/index.php\/wp-json\/wp\/v2\/types\/product"}],"replies":[{"embeddable":true,"href":"https:\/\/hisaronuziraat.com\/index.php\/wp-json\/wp\/v2\/comments?post=24370"}],"wp:featuredmedia":[{"embeddable":true,"href":"https:\/\/hisaronuziraat.com\/index.php\/wp-json\/wp\/v2\/media\/25197"}],"wp:attachment":[{"href":"https:\/\/hisaronuziraat.com\/index.php\/wp-json\/wp\/v2\/media?parent=24370"}],"wp:term":[{"taxonomy":"product_cat","embeddable":true,"href":"https:\/\/hisaronuziraat.com\/index.php\/wp-json\/wp\/v2\/product_cat?post=24370"},{"taxonomy":"product_tag","embeddable":true,"href":"https:\/\/hisaronuziraat.com\/index.php\/wp-json\/wp\/v2\/product_tag?post=24370"}],"curies":[{"name":"wp","href":"https:\/\/api.w.org\/{rel}","templated":true}]}}