{"id":24362,"date":"2022-12-04T22:05:25","date_gmt":"2022-12-04T19:05:25","guid":{"rendered":"https:\/\/hisaronuziraat.com\/site\/?post_type=product&#038;p=24362"},"modified":"2025-11-03T23:22:06","modified_gmt":"2025-11-03T20:22:06","slug":"marul-yazlik-kivircik-010-500gr","status":"publish","type":"product","link":"https:\/\/hisaronuziraat.com\/index.php\/urun\/marul-yazlik-kivircik-010-500gr\/","title":{"rendered":"Marul Yazl\u0131k K\u0131v\u0131rc\u0131k 010 &#8211; 500gr"},"content":{"rendered":"<p>Teneke 500gr<\/p>\n<ul>\n<li>K\u0131v\u0131rc\u0131k, dalgal\u0131 yaprakl\u0131 bir marul \u00e7e\u015fididir<\/li>\n<\/ul>\n<ul>\n<li>Ye\u015fil renkli ve gevrek bir bitki yap\u0131s\u0131na sahiptir<\/li>\n<\/ul>\n<ul>\n<li>\u00c7ok lezzetli olmas\u0131ndan dolay\u0131 \u00e7ok tercih edilir<\/li>\n<\/ul>\n<ul>\n<li>Ba\u015f a\u011f\u0131rl\u0131\u011f\u0131 yakla\u015f\u0131k 400-600 gr\u2019d\u0131r<\/li>\n<\/ul>\n<ul>\n<li>Hasada gelme s\u00fcresi 60-65 g\u00fcnd\u00fcr<\/li>\n<\/ul>\n","protected":false},"excerpt":{"rendered":"<p>Teneke 500gr K\u0131v\u0131rc\u0131k, dalgal\u0131 yaprakl\u0131 bir marul \u00e7e\u015fididir Ye\u015fil renkli ve gevrek bir bitki yap\u0131s\u0131na sahiptir \u00c7ok lezzetli olmas\u0131ndan dolay\u0131 \u00e7ok tercih edilir Ba\u015f a\u011f\u0131rl\u0131\u011f\u0131 yakla\u015f\u0131k 400-600 gr\u2019d\u0131r Hasada gelme s\u00fcresi 60-65 g\u00fcnd\u00fcr<\/p>\n","protected":false},"featured_media":25203,"comment_status":"open","ping_status":"closed","template":"","meta":[],"product_cat":[90],"product_tag":[],"class_list":{"0":"post-24362","1":"product","2":"type-product","3":"status-publish","4":"has-post-thumbnail","6":"product_cat-sebze","7":"product_brand-kucuk-ciftlik","9":"first","10":"instock","11":"taxable","12":"shipping-taxable","13":"purchasable","14":"product-type-simple"},"_links":{"self":[{"href":"https:\/\/hisaronuziraat.com\/index.php\/wp-json\/wp\/v2\/product\/24362","targetHints":{"allow":["GET"]}}],"collection":[{"href":"https:\/\/hisaronuziraat.com\/index.php\/wp-json\/wp\/v2\/product"}],"about":[{"href":"https:\/\/hisaronuziraat.com\/index.php\/wp-json\/wp\/v2\/types\/product"}],"replies":[{"embeddable":true,"href":"https:\/\/hisaronuziraat.com\/index.php\/wp-json\/wp\/v2\/comments?post=24362"}],"wp:featuredmedia":[{"embeddable":true,"href":"https:\/\/hisaronuziraat.com\/index.php\/wp-json\/wp\/v2\/media\/25203"}],"wp:attachment":[{"href":"https:\/\/hisaronuziraat.com\/index.php\/wp-json\/wp\/v2\/media?parent=24362"}],"wp:term":[{"taxonomy":"product_cat","embeddable":true,"href":"https:\/\/hisaronuziraat.com\/index.php\/wp-json\/wp\/v2\/product_cat?post=24362"},{"taxonomy":"product_tag","embeddable":true,"href":"https:\/\/hisaronuziraat.com\/index.php\/wp-json\/wp\/v2\/product_tag?post=24362"}],"curies":[{"name":"wp","href":"https:\/\/api.w.org\/{rel}","templated":true}]}}