{"id":24356,"date":"2022-12-04T22:05:24","date_gmt":"2022-12-04T19:05:24","guid":{"rendered":"https:\/\/hisaronuziraat.com\/site\/?post_type=product&#038;p=24356"},"modified":"2025-11-03T23:21:15","modified_gmt":"2025-11-03T20:21:15","slug":"kudret-nari","status":"publish","type":"product","link":"https:\/\/hisaronuziraat.com\/index.php\/urun\/kudret-nari\/","title":{"rendered":"Kudret Nar\u0131 5 adet"},"content":{"rendered":"<p><strong>Latincesi :<\/strong><strong><em>Momordica\u00a0\u00a0 charantia<\/em><\/strong><\/p>\n<p>Kudret nar\u0131 tek y\u0131ll\u0131k, sar\u0131l\u0131c\u0131 aromatik bir bitkidir. S\u0131cak ve nemli iklim b\u00f6lgelerinde adaptasyonu g\u00fc\u00e7l\u00fcd\u00fcr. Uygun s\u0131cakl\u0131k 20-25\u00a0<sup>0\u00a0<\/sup>C\u2018dir. Nisan\u2013May\u0131s aylar\u0131nda tohum(direk ekim)veya fide olarak tarlaya ekimi yap\u0131labilir. 1-1,5 ayda hasat olgunlu\u011funa gelen meyvelerin taze olarak saklama s\u00fcresi \u00e7ok uzun olmad\u0131\u011f\u0131ndan 1-2 hafta i\u00e7erisinde t\u00fcketilmesi gerekir. Ham meyve rengi ye\u015fil olup hasat olgunlu\u011funda turuncu renk almaktad\u0131r. Bah\u00e7e yeti\u015ftiricili\u011fine uygundur.<\/p>\n<table border=\"1\" cellspacing=\"0\" cellpadding=\"0\">\n<tbody>\n<tr>\n<td>\n<div><strong>Ekim Derinli\u011fi<\/strong><\/div>\n<\/td>\n<td>\n<div>3-4 cm<\/div>\n<\/td>\n<\/tr>\n<tr>\n<td>\n<div><strong>Y\u00fckseklik<\/strong><\/div>\n<\/td>\n<td>\n<div>2-3 m<\/div>\n<\/td>\n<\/tr>\n<tr>\n<td>\n<div><strong>Renk<\/strong><\/div>\n<\/td>\n<td>\n<div>Turuncu tonlar\u0131<\/div>\n<\/td>\n<\/tr>\n<tr>\n<td>\n<div><strong>Ekim zaman\u0131<\/strong><\/div>\n<\/td>\n<td>\n<div>\u0130lkbahar<\/div>\n<\/td>\n<\/tr>\n<tr>\n<td>\n<div><strong>Tipi<\/strong><\/div>\n<\/td>\n<td>\n<div>Tek y\u0131ll\u0131k<\/div>\n<\/td>\n<\/tr>\n<tr>\n<td>\n<div><strong>Tahmini \u00c7imlenme G\u00fcn\u00fc<\/strong><\/div>\n<\/td>\n<td>\n<div>20-25\u00a0 g\u00fcn<\/div>\n<\/td>\n<\/tr>\n<\/tbody>\n<\/table>\n","protected":false},"excerpt":{"rendered":"<p>Latincesi :Momordica\u00a0\u00a0 charantia Kudret nar\u0131 tek y\u0131ll\u0131k, sar\u0131l\u0131c\u0131 aromatik bir bitkidir. S\u0131cak ve nemli iklim b\u00f6lgelerinde adaptasyonu g\u00fc\u00e7l\u00fcd\u00fcr. Uygun s\u0131cakl\u0131k 20-25\u00a00\u00a0C\u2018dir. Nisan\u2013May\u0131s aylar\u0131nda tohum(direk ekim)veya fide olarak tarlaya ekimi yap\u0131labilir. 1-1,5 ayda hasat olgunlu\u011funa gelen meyvelerin taze olarak saklama s\u00fcresi \u00e7ok uzun olmad\u0131\u011f\u0131ndan 1-2 hafta i\u00e7erisinde t\u00fcketilmesi gerekir. Ham meyve rengi ye\u015fil olup hasat olgunlu\u011funda [&hellip;]<\/p>\n","protected":false},"featured_media":25229,"comment_status":"open","ping_status":"closed","template":"","meta":[],"product_cat":[85],"product_tag":[],"class_list":{"0":"post-24356","1":"product","2":"type-product","3":"status-publish","4":"has-post-thumbnail","6":"product_cat-cicek","7":"product_brand-arzuman","9":"first","10":"instock","11":"shipping-taxable","12":"purchasable","13":"product-type-simple"},"_links":{"self":[{"href":"https:\/\/hisaronuziraat.com\/index.php\/wp-json\/wp\/v2\/product\/24356","targetHints":{"allow":["GET"]}}],"collection":[{"href":"https:\/\/hisaronuziraat.com\/index.php\/wp-json\/wp\/v2\/product"}],"about":[{"href":"https:\/\/hisaronuziraat.com\/index.php\/wp-json\/wp\/v2\/types\/product"}],"replies":[{"embeddable":true,"href":"https:\/\/hisaronuziraat.com\/index.php\/wp-json\/wp\/v2\/comments?post=24356"}],"wp:featuredmedia":[{"embeddable":true,"href":"https:\/\/hisaronuziraat.com\/index.php\/wp-json\/wp\/v2\/media\/25229"}],"wp:attachment":[{"href":"https:\/\/hisaronuziraat.com\/index.php\/wp-json\/wp\/v2\/media?parent=24356"}],"wp:term":[{"taxonomy":"product_cat","embeddable":true,"href":"https:\/\/hisaronuziraat.com\/index.php\/wp-json\/wp\/v2\/product_cat?post=24356"},{"taxonomy":"product_tag","embeddable":true,"href":"https:\/\/hisaronuziraat.com\/index.php\/wp-json\/wp\/v2\/product_tag?post=24356"}],"curies":[{"name":"wp","href":"https:\/\/api.w.org\/{rel}","templated":true}]}}