{"id":24327,"date":"2022-12-04T22:05:14","date_gmt":"2022-12-04T19:05:14","guid":{"rendered":"https:\/\/hisaronuziraat.com\/site\/?post_type=product&#038;p=24327"},"modified":"2025-11-03T23:30:28","modified_gmt":"2025-11-03T20:30:28","slug":"afrika-papatya","status":"publish","type":"product","link":"https:\/\/hisaronuziraat.com\/index.php\/urun\/afrika-papatya\/","title":{"rendered":"Afrika Papatya 100 adet"},"content":{"rendered":"<p>\u00c7i\u00e7eklerinin g\u00f6r\u00fcnt\u00fcs\u00fc nedeniyle \u201cG\u00fcne\u015f \u015eapkas\u0131\u201d olarak da bilinen bu bitki yaz boyu \u00e7i\u00e7ek a\u00e7ar. Drenaj\u0131 iyi kumlu, toprakta ve tam g\u00fcne\u015f \u0131\u015f\u0131\u011f\u0131nda daha iyi geli\u015fmektedir. Orta d\u00fczeyde kurakl\u0131\u011fa dayan\u0131kl\u0131d\u0131r. Park ve bah\u00e7elerde s\u0131kl\u0131kla kullan\u0131lan, sevilen bir \u00e7i\u00e7ek t\u00fcr\u00fc olup kesme \u00e7i\u00e7ek olarak da kullan\u0131labilir. Bah\u00e7e\u00a0 yeti\u015ftiricili\u011fine\u00a0 uygundur.<\/p>\n","protected":false},"excerpt":{"rendered":"<p>\u00c7i\u00e7eklerinin g\u00f6r\u00fcnt\u00fcs\u00fc nedeniyle \u201cG\u00fcne\u015f \u015eapkas\u0131\u201d olarak da bilinen bu bitki yaz boyu \u00e7i\u00e7ek a\u00e7ar. Drenaj\u0131 iyi kumlu, toprakta ve tam g\u00fcne\u015f \u0131\u015f\u0131\u011f\u0131nda daha iyi geli\u015fmektedir. Orta d\u00fczeyde kurakl\u0131\u011fa dayan\u0131kl\u0131d\u0131r. Park ve bah\u00e7elerde s\u0131kl\u0131kla kullan\u0131lan, sevilen bir \u00e7i\u00e7ek t\u00fcr\u00fc olup kesme \u00e7i\u00e7ek olarak da kullan\u0131labilir. Bah\u00e7e\u00a0 yeti\u015ftiricili\u011fine\u00a0 uygundur.<\/p>\n","protected":false},"featured_media":24709,"comment_status":"open","ping_status":"closed","template":"","meta":[],"product_cat":[85],"product_tag":[],"class_list":{"0":"post-24327","1":"product","2":"type-product","3":"status-publish","4":"has-post-thumbnail","6":"product_cat-cicek","7":"product_brand-arzuman","9":"first","10":"instock","11":"shipping-taxable","12":"purchasable","13":"product-type-simple"},"_links":{"self":[{"href":"https:\/\/hisaronuziraat.com\/index.php\/wp-json\/wp\/v2\/product\/24327","targetHints":{"allow":["GET"]}}],"collection":[{"href":"https:\/\/hisaronuziraat.com\/index.php\/wp-json\/wp\/v2\/product"}],"about":[{"href":"https:\/\/hisaronuziraat.com\/index.php\/wp-json\/wp\/v2\/types\/product"}],"replies":[{"embeddable":true,"href":"https:\/\/hisaronuziraat.com\/index.php\/wp-json\/wp\/v2\/comments?post=24327"}],"wp:featuredmedia":[{"embeddable":true,"href":"https:\/\/hisaronuziraat.com\/index.php\/wp-json\/wp\/v2\/media\/24709"}],"wp:attachment":[{"href":"https:\/\/hisaronuziraat.com\/index.php\/wp-json\/wp\/v2\/media?parent=24327"}],"wp:term":[{"taxonomy":"product_cat","embeddable":true,"href":"https:\/\/hisaronuziraat.com\/index.php\/wp-json\/wp\/v2\/product_cat?post=24327"},{"taxonomy":"product_tag","embeddable":true,"href":"https:\/\/hisaronuziraat.com\/index.php\/wp-json\/wp\/v2\/product_tag?post=24327"}],"curies":[{"name":"wp","href":"https:\/\/api.w.org\/{rel}","templated":true}]}}