{"id":25608,"date":"2025-03-17T17:09:42","date_gmt":"2025-03-17T14:09:42","guid":{"rendered":"https:\/\/hisaronuziraat.com\/site\/?page_id=25608"},"modified":"2025-03-17T17:09:42","modified_gmt":"2025-03-17T14:09:42","slug":"kvkk-aydinlatma-metni","status":"publish","type":"page","link":"https:\/\/hisaronuziraat.com\/index.php\/kvkk-aydinlatma-metni\/","title":{"rendered":"KVKK Ayd\u0131nlatma Metni"},"content":{"rendered":"<p><strong>K\u0130\u015e\u0130SEL VER\u0130LER\u0130N KORUNMASI<\/strong><\/p>\n<p>Ki\u015fisel Verilerin Korunmas\u0131 Bilgilendirme Metni<\/p>\n<p>\u0130\u015fbu KVKK Uyar\u0131nca Bilgilendirme metni temel olarak 6698 say\u0131l\u0131 Ki\u015fisel Verilerin Korunmas\u0131 Kanunu (&#8220;KVKK&#8221;) uyar\u0131nca;<\/p>\n<p>1-hisaronuziraat.com internet sitesi (\u201cSite\u201d) arac\u0131l\u0131\u011f\u0131 ile ne t\u00fcr veriler toplad\u0131\u011f\u0131n\u0131, toplanan verilerinizin nas\u0131l kullan\u0131ld\u0131\u011f\u0131n\u0131 ve hisaronuziraat.com&#8217;un verilerinizi kimlerle payla\u015fabilece\u011fini,<\/p>\n<p>2-hisaronuziraat.com&#8217;un i\u015fledi\u011fi veriler \u00fczerindeki haklar\u0131n\u0131z\u0131n neler oldu\u011funu ve bu haklar\u0131 nas\u0131l kullanabilece\u011finizi,<\/p>\n<p>3-Elektronik ticari ileti alma konusundaki olumlu veya olumsuz tercihlerinizi nas\u0131l de\u011fi\u015ftirebilece\u011finizi a\u00e7\u0131klamaktad\u0131r.<\/p>\n<p>Siz \u00dcyelerimiz&#8217;e daha iyi hizmet verebilmek; sipari\u015f s\u00fcre\u00e7lerinizi y\u00fcr\u00fctmek, tamamlamak ve sizlerle ilgili ileti\u015fimi sa\u011flamak; sizlere \u00fcr\u00fcnler, hizmetler, kampanyalar ve promosyonlarla ilgili bilgi vermek; al\u0131\u015fveri\u015f tercihlerinizi daha iyi anlamak, trend analizleri ve istatistiksel analizler yapmak ve Site &#8216;nin g\u00fcvenli\u011fini g\u00fc\u00e7lendirmek amac\u0131yla ve 5651 Say\u0131l\u0131 \u0130nternet Ortam\u0131nda Yap\u0131lan Yay\u0131nlar\u0131n D\u00fczenlenmesi ve Bu Yay\u0131nlar Yoluyla \u0130\u015flenen Su\u00e7larla M\u00fccadele Edilmesi Hakk\u0131nda Kanun, 6563 Say\u0131l\u0131 Elektronik Ticaretin D\u00fczenlenmesi Hakk\u0131nda Kanun, 5237 Say\u0131l\u0131 T\u00fcrk Ceza Kanunu ve 6698 Say\u0131l\u0131 Ki\u015fisel Verilerin Korunmas\u0131 Kanunu ve ilgili kanunlar\u0131n ikincil mevzuatlar\u0131 da dahil olmak \u00fczere, ilgili mevzuattan kaynaklanan yasal y\u00fck\u00fcml\u00fcl\u00fcklerimizi yerine getirme amac\u0131yla ad\u0131n\u0131z, soyad\u0131n\u0131z, e-posta adresiniz, telefon numaran\u0131z, cinsiyetiniz, do\u011fum tarihiniz, T.C. kimlik numaran\u0131z, vergi kimlik numaran\u0131z, ki\u015fisel ilgi alanlar\u0131n\u0131z, fatura ve teslimat adresleriniz; sosyal medya hesaplar\u0131yla ba\u011flanman\u0131z durumunda o kanallar arac\u0131l\u0131\u011f\u0131yla payla\u015f\u0131lmas\u0131na onay verilen bilgiler de dahil ve fakat bunlarla s\u0131n\u0131rl\u0131 olmamak kayd\u0131yla \u00dcye&#8217;yi do\u011frudan veya dolayl\u0131 olarak tan\u0131mlamaya y\u00f6nelik birtak\u0131m verilerinizi i\u015flemekteyiz.<\/p>\n<p>Bu veriler haricinde, Site ziyaret s\u0131kl\u0131\u011f\u0131 ve zamanlar\u0131, sipari\u015f verilme zamanlar\u0131 ve sipari\u015f an\u0131ndaki IP adresi, ziyaret edilen \u00fcr\u00fcn sayfalar\u0131n\u0131n ve sipari\u015f verilen \u00fcr\u00fcnlerin istatistikleri gibi ki\u015fisel bilgi i\u00e7ermeyen toplu istatistiksel verileri de, ziyaret\u00e7i hareket ve tercihlerini analiz etmek ve anlamak amac\u0131yla toplanmakta ve i\u015flemekteyiz.<\/p>\n<p>Bu ki\u015fisel verileri Site &#8216;de sundu\u011fumuz hizmetlerden yararlanabilmeniz ad\u0131na, a\u00e7\u0131k r\u0131zan\u0131z\u0131n bulunmas\u0131 \u015fart\u0131yla veya sizinle yapt\u0131\u011f\u0131m\u0131z s\u00f6zle\u015fmenin kurulmas\u0131 veya ifas\u0131yla do\u011frudan do\u011fruya ilgili olmas\u0131 halinde veya temel hak ve \u00f6zg\u00fcrl\u00fcklerinize zarar vermemek kayd\u0131yla me\u015fru menfaatimiz i\u00e7in veri i\u015flemenin zorunlu oldu\u011fu hallerde, i\u015fbu KVKK Uyar\u0131nca Bilgilendirme ile belirlenen ama\u00e7lar ve kapsam d\u0131\u015f\u0131nda kullan\u0131lmamak kayd\u0131 ile uygun bilgi g\u00fcvenli\u011fi tedbirlerini de alarak i\u015flemekte ve saklamaktay\u0131z.<\/p>\n<p>Veri bankas\u0131nda toplad\u0131\u011f\u0131m\u0131z birtak\u0131m verilerinizi, belirli aral\u0131klarla g\u00f6nderilecek olan d\u00f6nemsel kampanya \u00e7al\u0131\u015fmalar\u0131, m\u00fc\u015fteri profillerine y\u00f6nelik \u00f6zel promosyon faaliyetlerinin kurgulanmas\u0131 ve istenmeyen e-postalar\u0131n iletilmemesine y\u00f6nelik m\u00fc\u015fteri s\u0131n\u0131fland\u0131rma \u00e7al\u0131\u015fmalar\u0131 i\u00e7in ve ilgili hukuki d\u00fczenlemelere uygun bir \u015fekilde kullanmaktay\u0131z.<\/p>\n<p>\u00dcr\u00fcn bedelini \u00f6demek i\u00e7in kredi kart\u0131 kulland\u0131\u011f\u0131n\u0131zda, kredi kart\u0131n\u0131z\u0131n numaras\u0131n\u0131, kredi kart\u0131n\u0131z\u0131n son kullanma tarihini, CVV2 kodunu ve benzer bilgilerin bankalar ile payla\u015f\u0131lmas\u0131 kabul etmi\u015f olursunuz. Bununla birlikte, sipari\u015f olu\u015fturma esnas\u0131nda kullan\u0131lan kredi kart\u0131 ve\/veya banka kart\u0131 bilgileri hi\u00e7bir \u015fekilde sistemlerimizde saklanmamaktad\u0131r.<\/p>\n<p>Ma\u011fazalar\u0131m\u0131zda ileti\u015fim bilgilerinizi bizlere sa\u011flayarak m\u00fc\u015fteri kayd\u0131n\u0131z\u0131n olu\u015fturulmas\u0131n\u0131 istemeniz durumunda, ki\u015fisel verileriniz s\u00f6zl\u00fc olarak ma\u011faza \u00e7al\u0131\u015fanlar\u0131 ile g\u00f6r\u00fc\u015fmeleriniz esnas\u0131nda toplanabilecektir. M\u00fc\u015fteri kayd\u0131 s\u00fcre\u00e7leri kapsam\u0131nda toplanan ki\u015fisel verileriniz, ileti\u015fim bilgilerinizin do\u011frulanmas\u0131 i\u00e7in kullan\u0131labilecek; a\u00e7\u0131k r\u0131zan\u0131z do\u011frultusunda t\u00fcketici davran\u0131\u015flar\u0131n\u0131za uygun ve sizlere \u00f6zel kampanya ve promosyonlar olu\u015fturmak, \u00fcr\u00fcn ve hizmetlerimiz hakk\u0131nda pazarlama amac\u0131yla taraf\u0131n\u0131za do\u011frudan ticari elektronik iletilerin iletilmesi ve iade ve de\u011fi\u015fim s\u00fcre\u00e7lerinizi kolayla\u015ft\u0131rmak ad\u0131na sistemlerimizde gerekli kay\u0131tlar\u0131n olu\u015fturulmas\u0131 ve takibi amac\u0131yla i\u015flenebilecektir.<\/p>\n<p>hisaronuziraat.com, sonland\u0131r\u0131lan \u00fcyelik hesab\u0131na ait her t\u00fcrl\u00fc kayd\u0131 anonimle\u015ftirmek \u015fart\u0131yla saklamakta serbesttir. Veriler, anonimle\u015ftirildiklerinde bir ki\u015fiyi belirleyici olma \u00f6zelli\u011fini yitirmektedir ve bu anlamda ki\u015fisel veri olarak de\u011ferlendirilmemektedir. \u00dcye anonim hale getirilmi\u015f kay\u0131tlarla ilgili herhangi bir hak veya tazminat talebinde bulunamaz.<\/p>\n<p>Ki\u015fisel verilerinizi, hizmetlerimizi sunmak amac\u0131yla i\u015fbirli\u011fi yapt\u0131\u011f\u0131m\u0131z \u00fc\u00e7\u00fcnc\u00fc ki\u015filerle (kargo, g\u00f6nderi, \u00e7a\u011fr\u0131 merkezi, veri taban\u0131 vb. hizmetleri sunan \u015firketlerle) ve kanuni y\u00fck\u00fcml\u00fcl\u00fcklerimizin gere\u011fi olarak devlet mercileri ile payla\u015fabiliriz. hisaronuziraat.com, Site&#8217;yi ziyaretinize veya \u00fcyeli\u011fe ili\u015fkin ki\u015fisel verilerinizi ve gezinme bilgileriniz gibi trafik bilgilerinizi; g\u00fcvenli\u011finiz ve hisaronuziraat.com\u2019un yasalar kar\u015f\u0131s\u0131ndaki y\u00fck\u00fcml\u00fcl\u00fcklerin ifas\u0131 amac\u0131yla yasal olarak bu bilgileri talep etmeye yetkili olan kamu kurum ve kurulu\u015flar\u0131 ile payla\u015fabilecektir. Bununla birlikte, ki\u015fisel verilerinizi yukar\u0131da say\u0131lan faaliyetler ve ilgili mevzuat\u0131n gerektirdi\u011fi haller haricinde hi\u00e7bir \u015fekilde ticari bir ama\u00e7la kullanmayacak veya \u00fc\u00e7\u00fcnc\u00fc ki\u015filerle payla\u015fmayaca\u011f\u0131z.<\/p>\n<p>hisaronuziraat.com, kanuni olarak saklamas\u0131 gereken \u00dcye bilgilerini saklamakla y\u00fck\u00fcml\u00fcd\u00fcr. Bununla birlikte \u00dcye \u2019nin her zaman kendisiyle ilgili ki\u015fisel veriler hakk\u0131nda bilgilendirilme, bu verilere eri\u015fme, bunlar\u0131n d\u00fczeltilmesini veya silinmesini talep etme ve ama\u00e7lar\u0131 do\u011frultusunda kullan\u0131l\u0131p kullan\u0131lmad\u0131\u011f\u0131n\u0131 \u00f6\u011frenmeyi talep etme haklar\u0131 sakl\u0131d\u0131r.<\/p>\n<p>hisaronuziraat.com taraf\u0131ndan ki\u015fisel verilerinizin i\u015flendi\u011fi ve hisaronuziraat.com&#8217;un verilerinizi veri sorumlusu s\u0131fat\u0131 ile i\u015fledi\u011fi \u00f6l\u00e7\u00fcde KVKK\u2019n\u0131n 11. maddesi gere\u011fi ileti\u015fim sayfas\u0131nda yer alan ileti\u015fim adresine yaz\u0131l\u0131 ba\u015fvuruda bulunarak veya www.siteadi.com adresine, kay\u0131tl\u0131 elektronik posta (KEP) adres, g\u00fcvenli elektronik imza, mobil imza ya da bizimle \u00fcyeli\u011finiz s\u0131ras\u0131nda payla\u015fm\u0131\u015f oldu\u011funuz ve sistemlerimizde kay\u0131tl\u0131 bulunan e-posta adresini kullanmak suretiyle e-posta g\u00f6ndererek ki\u015fisel verilerinizin;<\/p>\n<p>1- Herhangi bir ki\u015fisel verinizin i\u015flenip i\u015flenmedi\u011fini \u00f6\u011frenme;<\/p>\n<p>2- Ki\u015fisel verilerinizin i\u015flenme faaliyetlerine ili\u015fkin olarak bilgi talep etme;<\/p>\n<p>3- Ki\u015fisel verilerinizin i\u015flenme ama\u00e7lar\u0131n\u0131 \u00f6\u011frenme;<\/p>\n<p>4- Ki\u015fisel verilerin yurt i\u00e7inde veya yurt d\u0131\u015f\u0131nda \u00fc\u00e7\u00fcnc\u00fc ki\u015filere aktar\u0131lm\u0131\u015f olmas\u0131 durumunda bu ki\u015fileri \u00f6\u011frenme;<\/p>\n<p>5- Ki\u015fisel verilerin eksik veya yanl\u0131\u015f i\u015flenmi\u015f olmas\u0131 halinde bunlar\u0131n d\u00fczeltilmesini isteme;<\/p>\n<p>6- Ki\u015fisel verilerin i\u015flenmesini gerektiren sebeplerin ortadan kalkmas\u0131 veya \u015eirket&#8217;in s\u00f6z konusu verileri i\u015fleyebilmek i\u00e7in hukuki dayana\u011f\u0131 veya me\u015fru menfaatinin bulunmamas\u0131 halinde ki\u015fisel verilerin silinmesini veya yok edilmesini isteme;<\/p>\n<p>7- \u015eirket &#8216;ten, yine \u015eirket taraf\u0131ndan yetkilendirilen ve ki\u015fisel verileri i\u015fleyen \u00fc\u00e7\u00fcnc\u00fc ki\u015filerin bu b\u00f6l\u00fcm kapsam\u0131ndaki haklar\u0131n\u0131za sayg\u0131 duymas\u0131n\u0131 sa\u011flamas\u0131n\u0131 talep etme;<\/p>\n<p>8- Ki\u015fisel verilerin otomatik sistemler vas\u0131tas\u0131yla i\u015flenmesi sonucu ortaya \u00e7\u0131kabilecek aleyhte sonu\u00e7lara itiraz etme ve;<\/p>\n<p>9- Ki\u015fisel verilerinizin kanuna ayk\u0131r\u0131 bir \u015fekilde i\u015flenmesi sebebiyle zarara u\u011framan\u0131z halinde bu zarar\u0131n tazmin edilmesini isteme hakk\u0131na sahipsiniz.<\/p>\n<p>\u00dcyelik ve ileti\u015fim tercihlerinizi her zaman sisteme giri\u015f yaparak g\u00fcncelleyebilirsiniz.<\/p>\n<p>hisaronuziraat.com, ki\u015fisel verilerin korunmas\u0131 ama\u00e7l\u0131, ki\u015fisel verilere yetkisiz eri\u015fim veya bu bilgilerin kayb\u0131, hatal\u0131 kullan\u0131m\u0131, if\u015fa edilmesi, de\u011fi\u015ftirilmesi veya imha edilmesine kar\u015f\u0131 gerekli \u00f6nlemleri almaktad\u0131r. Ki\u015fisel verilerinizi gizli tutmay\u0131, gizlili\u011fin sa\u011flanmas\u0131 ve g\u00fcvenli\u011fi i\u00e7in gerekli fiziki, teknik ve idari her t\u00fcrl\u00fc tedbiri almay\u0131 ve gerekli \u00f6zeni g\u00f6stermeyi taahh\u00fct etmektedir. Gerekli bilgi g\u00fcvenli\u011fi \u00f6nlemlerini almas\u0131na kar\u015f\u0131n, Site&#8217;ye ve sisteme yap\u0131lan sald\u0131r\u0131lar sonucunda ki\u015fisel verilerin zarar g\u00f6rmesi veya \u00fc\u00e7\u00fcnc\u00fc ki\u015filerin eline ge\u00e7mesi durumunda, bu durumu derhal sizlere ve Ki\u015fisel Verileri Koruma Kurulu \u2019na bildirir ve gerekli \u00f6nlemleri al\u0131r.<\/p>\n<p>hisaronuziraat.com, i\u015fbu KVKK Uyar\u0131nca Bilgilendirmede her zaman de\u011fi\u015fiklik yapabilir. Bu de\u011fi\u015fiklikler, de\u011fi\u015ftirilmi\u015f yeni h\u00fck\u00fcm ve\/veya politikalar\u0131n Site &#8216;de yay\u0131nlanmas\u0131yla birlikte derhal ge\u00e7erlilik kazan\u0131r. B\u00f6yle bir de\u011fi\u015flik halinde, siz \u00fcyelerimize gerekli bilgilendirme yap\u0131lacakt\u0131r.<\/p>\n","protected":false},"excerpt":{"rendered":"<p>K\u0130\u015e\u0130SEL VER\u0130LER\u0130N KORUNMASI Ki\u015fisel Verilerin Korunmas\u0131 Bilgilendirme Metni \u0130\u015fbu KVKK Uyar\u0131nca Bilgilendirme metni temel olarak 6698 say\u0131l\u0131 Ki\u015fisel Verilerin Korunmas\u0131 Kanunu (&#8220;KVKK&#8221;) uyar\u0131nca; 1-hisaronuziraat.com internet sitesi (\u201cSite\u201d) arac\u0131l\u0131\u011f\u0131 ile ne t\u00fcr veriler toplad\u0131\u011f\u0131n\u0131, toplanan verilerinizin nas\u0131l kullan\u0131ld\u0131\u011f\u0131n\u0131 ve hisaronuziraat.com&#8217;un verilerinizi kimlerle payla\u015fabilece\u011fini, 2-hisaronuziraat.com&#8217;un i\u015fledi\u011fi veriler \u00fczerindeki haklar\u0131n\u0131z\u0131n neler oldu\u011funu ve bu haklar\u0131 nas\u0131l kullanabilece\u011finizi, 3-Elektronik [&hellip;]<\/p>\n","protected":false},"author":1,"featured_media":0,"parent":0,"menu_order":0,"comment_status":"closed","ping_status":"closed","template":"","meta":{"footnotes":""},"class_list":["post-25608","page","type-page","status-publish","hentry"],"_links":{"self":[{"href":"https:\/\/hisaronuziraat.com\/index.php\/wp-json\/wp\/v2\/pages\/25608","targetHints":{"allow":["GET"]}}],"collection":[{"href":"https:\/\/hisaronuziraat.com\/index.php\/wp-json\/wp\/v2\/pages"}],"about":[{"href":"https:\/\/hisaronuziraat.com\/index.php\/wp-json\/wp\/v2\/types\/page"}],"author":[{"embeddable":true,"href":"https:\/\/hisaronuziraat.com\/index.php\/wp-json\/wp\/v2\/users\/1"}],"replies":[{"embeddable":true,"href":"https:\/\/hisaronuziraat.com\/index.php\/wp-json\/wp\/v2\/comments?post=25608"}],"version-history":[{"count":1,"href":"https:\/\/hisaronuziraat.com\/index.php\/wp-json\/wp\/v2\/pages\/25608\/revisions"}],"predecessor-version":[{"id":25609,"href":"https:\/\/hisaronuziraat.com\/index.php\/wp-json\/wp\/v2\/pages\/25608\/revisions\/25609"}],"wp:attachment":[{"href":"https:\/\/hisaronuziraat.com\/index.php\/wp-json\/wp\/v2\/media?parent=25608"}],"curies":[{"name":"wp","href":"https:\/\/api.w.org\/{rel}","templated":true}]}}